000
CXUS53 KIWX 250800
CF6SBN
PRELIMINARY LOCAL CLIMATOLOGICAL DATA (WS FORM: F-6)

                                          STATION:   SOUTH BEND
                                          MONTH:     APRIL
                                          YEAR:      2018
                                          LATITUDE:   41 42 N
                                          LONGITUDE:  86 19 W

  TEMPERATURE IN F:       :PCPN:    SNOW:  WIND      :SUNSHINE: SKY     :PK WND
================================================================================
1   2   3   4   5  6A  6B    7    8   9   10  11  12  13   14  15   16   17  18
                                     12Z  AVG MX 2MIN
DY MAX MIN AVG DEP HDD CDD  WTR  SNW DPTH SPD SPD DIR MIN PSBL S-S WX    SPD DR
================================================================================

 1  34  22  28 -16  37   0 0.00  0.0    0  8.3 17 320   M    M   3        22 330
 2  43  17  30 -14  35   0 0.00  0.0    0  6.8 17 160   M    M   1        22 160
 3  43  35  39  -5  26   0 0.24  0.0    0 11.5 22 270   M    M  10 13     30 280
 4  35  25  30 -15  35   0 0.10  0.9    0 17.9 33 300   M    M  10 18     43 300
 5  41  20  31 -14  34   0 0.02  0.1    0  7.5 16 210   M    M   5 1      20 240
 6  38  23  31 -15  34   0    T  0.1    0 13.0 24 320   M    M   7 18     31 340
 7  32  17  25 -21  40   0 0.00  0.0    0  8.4 20 300   M    M   3        24 330
 8  41  14  28 -18  37   0 0.00  0.0    0  3.5 13 360   M    M   3        15 360
 9  40  22  31 -16  34   0 0.01  0.1    0  3.9 15 340   M    M   8 18     20 320
10  44  20  32 -15  33   0 0.00  0.0    0  6.2 16 260   M    M   5 18     21 220
11  65  35  50   3  15   0    T    T    0 11.0 23 220   M    M   7        29 220
12  73  49  61  13   4   0 0.12  0.0    0 13.3 30 230   M    M   4 1      36 240
13  72  48  60  12   5   0    T  0.0    0  8.2 22 220   M    M   6        30 210
14  52  35  44  -5  21   0 1.20  0.0    0 15.6 26  90   M    M  10 13     36 110
15  42  33  38 -11  27   0 0.93  0.0    0  9.8 26 100   M    M  10 1      35 100
16  34  28  31 -18  34   0 0.05  0.1    0 15.2 22 290   M    M   8 1      28 270
17  37  23  30 -20  35   0    T    T    0 13.9 24 300   M    M   7        30 310
18  41  20  31 -19  34   0 0.11  0.0    0  5.7 17 100   M    M   6 1      22  80
19  45  27  36 -14  29   0 0.14  0.2    T 13.9 24 330   M    M   2 1      30 320
20  58  23  41 -10  24   0 0.00  0.0    0  5.4 15 320   M    M   0        19 320
21  56  29  43  -8  22   0 0.00  0.0    0  2.8  9 250   M    M   2        12 250
22  64  37  51  -1  14   0 0.00  0.0    0  9.2 21 120   M    M   2        24 110
23  72  41  57   5   8   0    T  0.0    0  8.9 20 140   M    M   3        24 120
24  63  51  57   5   8   0    T  0.0    0  6.6 14 340   M    M   9        17 340
================================================================================
SM 1165  694       625   0  2.92     1.5 226.5          M      131
================================================================================
AV 48.5 28.9                               9.4 FASTST   M    M   5    MAX(MPH)
                                 MISC ---->  # 33 300               # 43  300
================================================================================
NOTES:
# LAST OF SEVERAL OCCURRENCES

COLUMN 17 PEAK WIND IN M.P.H.

PRELIMINARY LOCAL CLIMATOLOGICAL DATA (WS FORM: F-6) , PAGE 2

                                          STATION:  SOUTH BEND
                                          MONTH:    APRIL
                                          YEAR:     2018
                                          LATITUDE:   41 42 N
                                          LONGITUDE:  86 19 W

[TEMPERATURE DATA]      [PRECIPITATION DATA]       SYMBOLS USED IN COLUMN 16

AVERAGE MONTHLY: 38.7   TOTAL FOR MONTH:   2.92    1 = FOG OR MIST
DPTR FM NORMAL:  -9.3   DPTR FM NORMAL:    0.37    2 = FOG REDUCING VISIBILITY
HIGHEST:    73 ON 12    GRTST 24HR  1.20 ON 14-14      TO 1/4 MILE OR LESS
LOWEST:     14 ON  8                               3 = THUNDER
                        SNOW, ICE PELLETS, HAIL    4 = ICE PELLETS
                        TOTAL MONTH:   1.5 INCHES  5 = HAIL
                        GRTST 24HR   0.9 ON  4- 4  6 = FREEZING RAIN OR DRIZZLE
                        GRTST DEPTH:   T           7 = DUSTSTORM OR SANDSTORM:
                                                       VSBY 1/2 MILE OR LESS
                                                   8 = SMOKE OR HAZE
[NO. OF DAYS WITH]      [WEATHER - DAYS WITH]      9 = BLOWING SNOW
                                                   X = TORNADO
MAX 32 OR BELOW:   1    0.01 INCH OR MORE:  10
MAX 90 OR ABOVE:   0    0.10 INCH OR MORE:   7
MIN 32 OR BELOW:  15    0.50 INCH OR MORE:   2
MIN  0 OR BELOW:   0    1.00 INCH OR MORE:   1

[HDD (BASE 65) ]
TOTAL THIS MO.   625    CLEAR  (SCALE 0-3)   7
DPTR FM NORMAL   209    PTCLDY (SCALE 4-7)  12
TOTAL FM JUL 1  6265    CLOUDY (SCALE 8-10)  5
DPTR FM NORMAL   305

[CDD (BASE 65) ]
TOTAL THIS MO.     0
DPTR FM NORMAL     0    [PRESSURE DATA]
TOTAL FM JAN 1     0    HIGHEST SLP M ON M
DPTR FM NORMAL    -1    LOWEST  SLP 29.40 ON  3

[REMARKS]
