000
CXUS56 KLOX 291155
CF6SMO
PRELIMINARY LOCAL CLIMATOLOGICAL DATA (WS FORM: F-6)
STATION: SANTA MONICA AIRPORT CA
MONTH: MARCH
YEAR: 2024
LATITUDE: 34 0 N
LONGITUDE: 118 27 W
TEMPERATURE IN F: :PCPN: SNOW: WIND :SUNSHINE: SKY :PK WND
================================================================================
1 2 3 4 5 6A 6B 7 8 9 10 11 12 13 14 15 16 17 18
12Z AVG MX 2MIN
DY MAX MIN AVG DEP HDD CDD WTR SNW DPTH SPD SPD DIR MIN PSBL S-S WX SPD DR
================================================================================
1 62 54 58 0 7 0 0.12 M M 6.1 20 200 M M 10 1 27 200
2 60 51 56 -2 9 0 0.40 M M 8.1 20 210 M M 10 1 31 210
3 61 49 55 -3 10 0 0.08 M M 5.2 18 230 M M 5 1 30 240
4 62 46 54 -4 11 0 0.00 M M 3.1 13 210 M M 0 19 220
5 62 47 55 -3 10 0 0.00 M M 4.3 13 210 M M 1 18 210
6 61 48 55 -3 10 0 1.08 M M 4.7 21 190 M M 7 1 29 170
7 64 48 56 -2 9 0 0.21 M M 4.0 18 10 M M 2 13 32 360
8 68 47 58 0 7 0 0.00 M M 3.7 17 230 M M 0 29 220
9 68 48 58 0 7 0 0.00 M M 4.2 13 220 M M 0 20 230
10 66 47 57 -1 8 0 0.00 M M 3.8 12 210 M M 0 16 200
11 65 51 58 0 7 0 0.00 M M 4.8 15 230 M M 3 21 240
12 63 52 58 0 7 0 0.00 M M 2.9 14 220 M M 3 21 240
13 71 53 62 3 3 0 0.00 M M 6.1 17 340 M M 1 35 330
14 72 50 61 2 4 0 0.00 M M 7.9 23 10 M M 0 42 20
15 70 52 61 2 4 0 T M M 4.2 16 210 M M 3 22 220
16 66 52 59 0 6 0 0.00 M M 4.5 17 220 M M 2 24 230
17 66 50 58 -1 7 0 0.00 M M 4.0 13 220 M M 0 18 230
18 72 51 62 3 3 0 0.00 M M 3.4 17 220 M M 1 25 240
19 69 53 61 2 4 0 0.00 M M 4.1 13 210 M M 1 19 220
20 66 53 60 1 5 0 0.00 M M 4.0 13 200 M M 5 18 17 230
21 67 56 62 3 3 0 0.00 M M 4.3 12 220 M M 6 18 17 210
22 67 53 60 1 5 0 0.00 M M 4.0 12 210 M M 4 18 16 230
23 63 54 59 0 6 0 0.42 M M 7.5 21 240 M M 6 1 36 250
24 63 48 56 -3 9 0 0.05 M M 5.1 20 240 M M 1 3 34 230
25 65 51 58 -1 7 0 0.00 M M 5.0 13 210 M M 0 19 210
26 64 52 58 -1 7 0 0.00 M M 4.4 14 230 M M 3 19 220
27 64 50 57 -2 8 0 0.00 M M 4.4 13 200 M M 0 18 240
28 63 51 57 -2 8 0 0.00 M M 4.7 16 220 M M 4 18 24 210
================================================================================
SM 1830 1417 191 0 2.36 M 132.5 M 78
================================================================================
AV 65.4 50.6 4.7 FASTST M M 3 MAX(MPH)
MISC ----> 23 10 42 20
================================================================================
NOTES:
# LAST OF SEVERAL OCCURRENCES
COLUMN 17 PEAK WIND IN M.P.H.
PRELIMINARY LOCAL CLIMATOLOGICAL DATA (WS FORM: F-6) , PAGE 2
STATION: SANTA MONICA AIRPORT CA
MONTH: MARCH
YEAR: 2024
LATITUDE: 34 0 N
LONGITUDE: 118 27 W
[TEMPERATURE DATA] [PRECIPITATION DATA] SYMBOLS USED IN COLUMN 16
AVERAGE MONTHLY: 58.0 TOTAL FOR MONTH: 2.36 1 = FOG OR MIST
DPTR FM NORMAL: -0.6 DPTR FM NORMAL: 0.40 2 = FOG REDUCING VISIBILITY
HIGHEST: 72 ON 18,14 GRTST 24HR 1.08 ON 6- 6 TO 1/4 MILE OR LESS
LOWEST: 46 ON 4 3 = THUNDER
SNOW, ICE PELLETS, HAIL 4 = ICE PELLETS
TOTAL MONTH: M 5 = HAIL
GRTST 24HR M ON M 6 = FREEZING RAIN OR DRIZZLE
GRTST DEPTH: M ON M 7 = DUSTSTORM OR SANDSTORM:
VSBY 1/2 MILE OR LESS
8 = SMOKE OR HAZE
[NO. OF DAYS WITH] [WEATHER - DAYS WITH] 9 = BLOWING SNOW
X = TORNADO
MAX 32 OR BELOW: 0 0.01 INCH OR MORE: 7
MAX 90 OR ABOVE: 0 0.10 INCH OR MORE: 5
MIN 32 OR BELOW: 0 0.50 INCH OR MORE: 1
MIN 0 OR BELOW: 0 1.00 INCH OR MORE: 1
[HDD (BASE 65) ]
TOTAL THIS MO. 191 CLEAR (SCALE 0-3) 18
DPTR FM NORMAL 6 PTCLDY (SCALE 4-7) 8
TOTAL FM JUL 1 949 CLOUDY (SCALE 8-10) 2
DPTR FM NORMAL -157
[CDD (BASE 65) ]
TOTAL THIS MO. 0
DPTR FM NORMAL 0 [PRESSURE DATA]
TOTAL FM JAN 1 3 HIGHEST SLP M ON M
DPTR FM NORMAL -11 LOWEST SLP 29.74 ON 14
[REMARKS]