000
CXUS55 KPUB 181059
CF6SPD
PRELIMINARY LOCAL CLIMATOLOGICAL DATA (WS FORM: F-6)

                                          STATION:   SPRINGFIELD CO
                                          MONTH:     APRIL
                                          YEAR:      2018
                                          LATITUDE:   37 16 N
                                          LONGITUDE: 102 37 W

  TEMPERATURE IN F:       :PCPN:    SNOW:  WIND      :SUNSHINE: SKY     :PK WND
================================================================================
1   2   3   4   5  6A  6B    7    8   9   10  11  12  13   14  15   16   17  18
                                     12Z  AVG MX 2MIN
DY MAX MIN AVG DEP HDD CDD  WTR  SNW DPTH SPD SPD DIR MIN PSBL S-S WX    SPD DR
================================================================================

 1  36  22  29 -18  36   0 0.00  0.0    0 10.7 26 190   M    M   0        33 190
 2  80  23  52   4  13   0 0.00  0.0    0 10.1 26 200   M    M   0        33 190
 3  56  25  41  -7  24   0 0.00  0.0    0   M   M   M   M    M   0         M  M
 4  71  24  48   0  17   0 0.00  0.0    0 17.0 31 170   M    M   0        40 200
 5  72  36  54   6  11   0 0.00  0.0    0 10.7 21 300   M    M   0        28 310
 6  45  19  32 -17  33   0 0.00  0.0    0 13.2 28  50   M    M   0        36  40
 7  51  17  34 -15  31   0 0.00  0.0    0 13.8 28 170   M    M   0        35 170
 8  67  32  50   1  15   0 0.01    M    0 13.1 32  10   M    M   0        44  10
 9  55  32  44  -6  21   0 0.08    M    0  9.3 31 360   M    M   0        40 360
10  73  31  52   2  13   0 0.00  0.0    0  9.8 29 230   M    M   0        39 230
11  85  40  63  13   2   0 0.00  0.0    0  8.6 26 290   M    M   0        37 290
12  88  46  67  17   0   2 0.00  0.0    0 14.0 35 230   M    M   0        47 230
13  58  30  44  -7  21   0 0.06    M    0 32.2 59 340   M    M   0        76 350
14  50  21  36 -15  29   0 0.00  0.0    0 28.0 46 340   M    M   0        60 360
15  66  21  44  -7  21   0 0.00  0.0    0  8.2 16 340   M    M   0        23 360
16  82  30  56   4   9   0 0.00  0.0    0 13.8 26 200   M    M   0        37 200
17  84  34  59   7   6   0 0.00  0.0    0 21.7 45 220   M    M   0        64 220
================================================================================
SM 1119  483       302   2  0.15     0.0 234.2          M        0
================================================================================
AV 65.8 28.4                              14.6 FASTST   M    M   0    MAX(MPH)
                                 MISC ---->  # 59 340               # 76  350
================================================================================
NOTES:
# LAST OF SEVERAL OCCURRENCES

COLUMN 17 PEAK WIND IN M.P.H.

PRELIMINARY LOCAL CLIMATOLOGICAL DATA (WS FORM: F-6) , PAGE 2

                                          STATION:  SPRINGFIELD CO
                                          MONTH:    APRIL
                                          YEAR:     2018
                                          LATITUDE:   37 16 N
                                          LONGITUDE: 102 37 W

[TEMPERATURE DATA]      [PRECIPITATION DATA]       SYMBOLS USED IN COLUMN 16

AVERAGE MONTHLY: 47.1   TOTAL FOR MONTH:   0.15    1 = FOG OR MIST
DPTR FM NORMAL:  -2.5   DPTR FM NORMAL:   -0.55    2 = FOG REDUCING VISIBILITY
HIGHEST:    88 ON 12    GRTST 24HR  0.08 ON  9- 9      TO 1/4 MILE OR LESS
LOWEST:     17 ON  7                               3 = THUNDER
                        SNOW, ICE PELLETS, HAIL    4 = ICE PELLETS
                        TOTAL MONTH:   0.0 INCH    5 = HAIL
                        GRTST 24HR     0.0         6 = FREEZING RAIN OR DRIZZLE
                        GRTST DEPTH:   0           7 = DUSTSTORM OR SANDSTORM:
                                                       VSBY 1/2 MILE OR LESS
                                                   8 = SMOKE OR HAZE
[NO. OF DAYS WITH]      [WEATHER - DAYS WITH]      9 = BLOWING SNOW
                                                   X = TORNADO
MAX 32 OR BELOW:   0    0.01 INCH OR MORE:   3
MAX 90 OR ABOVE:   0    0.10 INCH OR MORE:   0
MIN 32 OR BELOW:  13    0.50 INCH OR MORE:   0
MIN  0 OR BELOW:   0    1.00 INCH OR MORE:   0

[HDD (BASE 65) ]
TOTAL THIS MO.   302    CLEAR  (SCALE 0-3)  17
DPTR FM NORMAL    40    PTCLDY (SCALE 4-7)   0
TOTAL FM JUL 1  4739    CLOUDY (SCALE 8-10)  0
DPTR FM NORMAL  -216

[CDD (BASE 65) ]
TOTAL THIS MO.     2
DPTR FM NORMAL     2    [PRESSURE DATA]
TOTAL FM JAN 1     2    HIGHEST SLP M ON M
DPTR FM NORMAL     2    LOWEST  SLP 29.33 ON 12

[REMARKS]
