000
CXUS55 KPUB 261059
CF6TAD
PRELIMINARY LOCAL CLIMATOLOGICAL DATA (WS FORM: F-6)

                                          STATION:   TRINIDAD CO
                                          MONTH:     MAY
                                          YEAR:      2018
                                          LATITUDE:   37 16 N
                                          LONGITUDE: 104 20 W

  TEMPERATURE IN F:       :PCPN:    SNOW:  WIND      :SUNSHINE: SKY     :PK WND
================================================================================
1   2   3   4   5  6A  6B    7    8   9   10  11  12  13   14  15   16   17  18
                                     12Z  AVG MX 2MIN
DY MAX MIN AVG DEP HDD CDD  WTR  SNW DPTH SPD SPD DIR MIN PSBL S-S WX    SPD DR
================================================================================

 1  79  43  61   6   4   0 0.00  0.0    0 10.9 31 240   M    M   1        47 230
 2  75  45  60   5   5   0 0.00  0.0    0 13.6 37 190   M    M   5        53 180
 3  66  32  49  -6  16   0 0.00  0.0    0 13.5 33 320   M    M   2        49 330
 4  71  38  55  -1  10   0 0.00  0.0    0  9.0 16 250   M    M   2        21 250
 5  80  38  59   3   6   0 0.00  0.0    0  8.7 17 190   M    M   1        21 250
 6  81  43  62   6   3   0 0.00  0.0    0  7.6 17 250   M    M   0        22 240
 7  87  46  67  11   0   2 0.00  0.0    0  5.9 16 260   M    M   0        21  20
 8  84  53  69  12   0   4 0.00  0.0    0 12.0 16  60   M    M   0        24  50
 9  86  48  67  10   0   2    T    M    0  7.9 22  20   M    M   1 3      36  10
10  92  50  71  13   0   6 0.00  0.0    0 13.4 29 220   M    M   0        37 240
11  91  47  69  11   0   4 0.00  0.0    0 11.7 29 240   M    M   0        39 230
12  89  48  69  11   0   4 0.00  0.0    0 15.8 38 180   M    M   1 1      53 180
13  86  49  68  10   0   3 0.00  0.0    0  9.5 28 250   M    M   2        38 240
14  80  53  67   8   0   2 0.00  0.0    0  9.3 23  50   M    M   4        31  60
15  74  48  61   2   4   0 0.32    M    0  8.7 22 130   M    M   5 13     30 160
16  83  41  62   3   3   0 0.00  0.0    0  7.3 21 140   M    M   0        26 150
17  89  52  71  11   0   6 0.00  0.0    0 13.4 29 190   M    M   0        40 210
18  75  50  63   3   2   0 0.09  0.0    0 11.5 24  20   M    M   1 3      32  20
19  66  46  56  -4   9   0 0.22  0.0    0  9.4 28  40   M    M   7 13     38  60
20  65  42  54  -6  11   0 0.25  0.0    0  7.3 39 290   M    M   7 13     48 290
21  76  47  62   1   3   0 0.03  0.0    0 11.2 35 250   M    M   2 3      45 250
22  84  50  67   6   0   2 0.03  0.0    0 14.5 49 240   M    M   1 3      68 240
23  79  57  68   7   0   3 0.00  0.0    0 18.0 31 170   M    M   0 3      44 190
24  87  57  72  10   0   7 0.00  0.0    0 13.7 26 250   M    M   0        35 250
25  89  51  70   8   0   5 0.00  0.0    0  9.3 20 190   M    M   0        26 190
================================================================================
SM 2014 1174        76  50  0.94     0.0 273.1          M       42
================================================================================
AV 80.6 47.0                              10.9 FASTST   M    M   2    MAX(MPH)
                                 MISC ---->  # 49 240               # 68  240
================================================================================
NOTES:
# LAST OF SEVERAL OCCURRENCES

COLUMN 17 PEAK WIND IN M.P.H.

PRELIMINARY LOCAL CLIMATOLOGICAL DATA (WS FORM: F-6) , PAGE 2

                                          STATION:  TRINIDAD CO
                                          MONTH:    MAY
                                          YEAR:     2018
                                          LATITUDE:   37 16 N
                                          LONGITUDE: 104 20 W

[TEMPERATURE DATA]      [PRECIPITATION DATA]       SYMBOLS USED IN COLUMN 16

AVERAGE MONTHLY: 63.8   TOTAL FOR MONTH:   0.94    1 = FOG OR MIST
DPTR FM NORMAL:   5.4   DPTR FM NORMAL:   -0.31    2 = FOG REDUCING VISIBILITY
HIGHEST:    92 ON 10    GRTST 24HR  0.32 ON 15-15      TO 1/4 MILE OR LESS
LOWEST:     32 ON  3                               3 = THUNDER
                        SNOW, ICE PELLETS, HAIL    4 = ICE PELLETS
                        TOTAL MONTH:   0.0 INCH    5 = HAIL
                        GRTST 24HR     0.0         6 = FREEZING RAIN OR DRIZZLE
                        GRTST DEPTH:   0           7 = DUSTSTORM OR SANDSTORM:
                                                       VSBY 1/2 MILE OR LESS
                                                   8 = SMOKE OR HAZE
[NO. OF DAYS WITH]      [WEATHER - DAYS WITH]      9 = BLOWING SNOW
                                                   X = TORNADO
MAX 32 OR BELOW:   0    0.01 INCH OR MORE:   6
MAX 90 OR ABOVE:   2    0.10 INCH OR MORE:   3
MIN 32 OR BELOW:   1    0.50 INCH OR MORE:   0
MIN  0 OR BELOW:   0    1.00 INCH OR MORE:   0

[HDD (BASE 65) ]
TOTAL THIS MO.    76    CLEAR  (SCALE 0-3)  20
DPTR FM NORMAL  -106    PTCLDY (SCALE 4-7)   5
TOTAL FM JUL 1  4630    CLOUDY (SCALE 8-10)  0
DPTR FM NORMAL  -842

[CDD (BASE 65) ]
TOTAL THIS MO.    50
DPTR FM NORMAL    36    [PRESSURE DATA]
TOTAL FM JAN 1    54    HIGHEST SLP M ON M
DPTR FM NORMAL    38    LOWEST  SLP 29.56 ON 11

[REMARKS]
