000
CXUS53 KOAX 190930
CF6TQE
PRELIMINARY LOCAL CLIMATOLOGICAL DATA (WS FORM: F-6)
STATION: TEKAMAH NE
MONTH: APRIL
YEAR: 2024
LATITUDE: 41 46 N
LONGITUDE: 96 11 W
TEMPERATURE IN F: :PCPN: SNOW: WIND :SUNSHINE: SKY :PK WND
================================================================================
1 2 3 4 5 6A 6B 7 8 9 10 11 12 13 14 15 16 17 18
12Z AVG MX 2MIN
DY MAX MIN AVG DEP HDD CDD WTR SNW DPTH SPD SPD DIR MIN PSBL S-S WX SPD DR
================================================================================
1 47 40 44 -2 21 0 0.03 M M 13.9 24 360 M M 10 1 30 350
2 58 38 48 2 17 0 T M M 21.3 35 340 M M 8 1 43 340
3 56 35 46 0 19 0 0.01 M M 23.8 38 340 M M 4 1 48 350
4 62 22 42 -5 23 0 0.00 M M 11.5 24 350 M M 0 33 360
5 65 23 44 -3 21 0 0.00 0.0 M 10.9 21 130 M M 0 32 130
6 70 40 55 7 10 0 0.10 M M 26.3 41 110 M M 2 54 120
7 62 47 55 7 10 0 0.00 M M 19.2 33 180 M M 6 41 180
8 66 37 52 4 13 0 0.00 M M 14.2 31 250 M M 7 40 250
9 70 29 50 2 15 0 0.00 M M 8.7 23 260 M M 1 38 270
10 77 34 56 7 9 0 0.00 M M 10.7 31 320 M M 1 43 320
11 63 43 53 4 12 0 0.00 M M 22.9 44 330 M M 1 54 330
12 69 39 54 4 11 0 0.00 M M 8.0 15 280 M M 0 22 310
13 89 40 65 15 0 0 0.00 M M 12.6 26 190 M M 0 36 170
14 88 45 67 17 0 2 0.00 M M 11.7 26 10 M M 0 35 360
15 87 43 65 15 0 0 0.28 M M 17.2 35 130 M M 1 38 44 130
16 75 53 64 13 1 0 0.56 M M 22.5 44 220 M M 7 13 59 220
17 68 51 60 9 5 0 0.01 M M 17.0 33 300 M M 6 44 300
18 56 32 44 -8 21 0 0.17 M M 16.7 32 360 M M 5 1 41 350
================================================================================
SM 1228 691 208 2 1.16 0.0 289.1 M 59
================================================================================
AV 68.2 38.4 16.1 FASTST M M 3 MAX(MPH)
MISC ----> # 44 330 59 220
================================================================================
NOTES:
# LAST OF SEVERAL OCCURRENCES
COLUMN 17 PEAK WIND IN M.P.H.
PRELIMINARY LOCAL CLIMATOLOGICAL DATA (WS FORM: F-6) , PAGE 2
STATION: TEKAMAH NE
MONTH: APRIL
YEAR: 2024
LATITUDE: 41 46 N
LONGITUDE: 96 11 W
[TEMPERATURE DATA] [PRECIPITATION DATA] SYMBOLS USED IN COLUMN 16
AVERAGE MONTHLY: 53.3 TOTAL FOR MONTH: 1.16 1 = FOG OR MIST
DPTR FM NORMAL: 4.6 DPTR FM NORMAL: -0.45 2 = FOG REDUCING VISIBILITY
HIGHEST: 89 ON 13 GRTST 24HR 0.84 ON 15-16 TO 1/4 MILE OR LESS
LOWEST: 22 ON 4 3 = THUNDER
SNOW, ICE PELLETS, HAIL 4 = ICE PELLETS
TOTAL MONTH: 0.0 INCH 5 = HAIL
GRTST 24HR 0.0 6 = FREEZING RAIN OR DRIZZLE
GRTST DEPTH: M ON M 7 = DUSTSTORM OR SANDSTORM:
VSBY 1/2 MILE OR LESS
8 = SMOKE OR HAZE
[NO. OF DAYS WITH] [WEATHER - DAYS WITH] 9 = BLOWING SNOW
X = TORNADO
MAX 32 OR BELOW: 0 0.01 INCH OR MORE: 7
MAX 90 OR ABOVE: 0 0.10 INCH OR MORE: 4
MIN 32 OR BELOW: 4 0.50 INCH OR MORE: 1
MIN 0 OR BELOW: 0 1.00 INCH OR MORE: 0
[HDD (BASE 65) ]
TOTAL THIS MO. 208 CLEAR (SCALE 0-3) 10
DPTR FM NORMAL -89 PTCLDY (SCALE 4-7) 7
TOTAL FM JUL 1 5160 CLOUDY (SCALE 8-10) 1
DPTR FM NORMAL -934
[CDD (BASE 65) ]
TOTAL THIS MO. 2
DPTR FM NORMAL 2 [PRESSURE DATA]
TOTAL FM JAN 1 2 HIGHEST SLP M ON M
DPTR FM NORMAL 1 LOWEST SLP 29.21 ON 16
[REMARKS]