000
CXUS51 KPHI 210800
CF6TTN
PRELIMINARY LOCAL CLIMATOLOGICAL DATA (WS FORM: F-6)

                                          STATION:   TRENTON NJ
                                          MONTH:     MAY
                                          YEAR:      2018
                                          LATITUDE:   40 16 N
                                          LONGITUDE:  74 49 W

  TEMPERATURE IN F:       :PCPN:    SNOW:  WIND      :SUNSHINE: SKY     :PK WND
================================================================================
1   2   3   4   5  6A  6B    7    8   9   10  11  12  13   14  15   16   17  18
                                     12Z  AVG MX 2MIN
DY MAX MIN AVG DEP HDD CDD  WTR  SNW DPTH SPD SPD DIR MIN PSBL S-S WX    SPD DR
================================================================================

 1  81  44  63   7   2   0 0.00    M    M  6.8 16 300   M    M   1        21 290
 2  88  53  71  14   0   6 0.00    M    M  7.8 21 250   M    M   0        29 250
 3  91  64  78  21   0  13    T    M    M  8.7 22 210   M    M   1        28 200
 4  87  64  76  19   0  11    T    M    M  8.3 22 210   M    M   3        28 200
 5  74  62  68  10   0   3    T    M    M  6.8 21 290   M    M   3        25 310
 6  66  56  61   3   4   0 0.07    M    M  6.8 18  70   M    M   9 1      23  60
 7  75  52  64   6   1   0 0.00    M    M  5.4 15 130   M    M   4        18 130
 8  74  50  62   3   3   0 0.00    M    M  5.5 14 110   M    M   M        19 140
 9  77  48  63   4   2   0 0.00    M    M  3.8 17 120   M    M   M        22 120
10  80  47  64   5   1   0 0.03    M    M  6.0 17 220   M    M   4 12     22 210
11  75  60  68   8   0   3    T    M    M  7.1 16 340   M    M   3        22 320
12  65  51  58  -2   7   0 1.22    M    M  6.3 15 360   M    M  10 138    18 210
13  55  51  53  -7  12   0 0.45    M    M  6.4 12  30   M    M  10 1      15  40
14  76  52  64   4   1   0 0.00    M    M  3.7 12 220   M    M   7 1      16 260
15  88  59  74  13   0   9 0.30    M    M  7.4 25 310   M    M   3 138    40 330
16  67  56  62   1   3   0 0.16    M    M  7.3 14  60   M    M  10 1      20  80
17  71  56  64   2   1   0 1.41    M    M  2.3 10  40   M    M   7 1      13  30
18  66  54  60  -2   5   0    T    M    M 12.0 22  70   M    M   9 12     30 100
19  59  50  55  -7  10   0 0.44    M    M  7.6 16  80   M    M  10 12     22  70
20  82  58  70   8   0   5 0.01    M    M  7.9 16 260   M    M   6 12     23 240
================================================================================
SM 1497 1087        52  50  4.09    M    133.9          M      100
================================================================================
AV 74.9 54.4                               6.7 FASTST   M    M   6    MAX(MPH)
                                 MISC ---->  # 25 310               # 40  330
================================================================================
NOTES:
# LAST OF SEVERAL OCCURRENCES

COLUMN 17 PEAK WIND IN M.P.H.

PRELIMINARY LOCAL CLIMATOLOGICAL DATA (WS FORM: F-6) , PAGE 2

                                          STATION:  TRENTON NJ
                                          MONTH:    MAY
                                          YEAR:     2018
                                          LATITUDE:   40 16 N
                                          LONGITUDE:  74 49 W

[TEMPERATURE DATA]      [PRECIPITATION DATA]       SYMBOLS USED IN COLUMN 16

AVERAGE MONTHLY: 64.6   TOTAL FOR MONTH:   4.09    1 = FOG OR MIST
DPTR FM NORMAL:   5.2   DPTR FM NORMAL:    1.72    2 = FOG REDUCING VISIBILITY
HIGHEST:    91 ON  3    GRTST 24HR  1.41 ON 17-17      TO 1/4 MILE OR LESS
LOWEST:     44 ON  1                               3 = THUNDER
                        SNOW, ICE PELLETS, HAIL    4 = ICE PELLETS
                        TOTAL MONTH:    M          5 = HAIL
                        GRTST 24HR    M  ON   M    6 = FREEZING RAIN OR DRIZZLE
                        GRTST DEPTH:  M  ON   M    7 = DUSTSTORM OR SANDSTORM:
                                                       VSBY 1/2 MILE OR LESS
                                                   8 = SMOKE OR HAZE
[NO. OF DAYS WITH]      [WEATHER - DAYS WITH]      9 = BLOWING SNOW
                                                   X = TORNADO
MAX 32 OR BELOW:   0    0.01 INCH OR MORE:   9
MAX 90 OR ABOVE:   1    0.10 INCH OR MORE:   6
MIN 32 OR BELOW:   0    0.50 INCH OR MORE:   2
MIN  0 OR BELOW:   0    1.00 INCH OR MORE:   2

[HDD (BASE 65) ]
TOTAL THIS MO.    52    CLEAR  (SCALE 0-3)   6
DPTR FM NORMAL   -80    PTCLDY (SCALE 4-7)   6
TOTAL FM JUL 1  4817    CLOUDY (SCALE 8-10)  6
DPTR FM NORMAL  -283

[CDD (BASE 65) ]
TOTAL THIS MO.    50
DPTR FM NORMAL    27    [PRESSURE DATA]
TOTAL FM JAN 1    59    HIGHEST SLP M ON M
DPTR FM NORMAL    28    LOWEST  SLP 29.80 ON 15

[REMARKS]
