000
CXUS55 KBOI 251002
CF6TWF
PRELIMINARY LOCAL CLIMATOLOGICAL DATA (WS FORM: F-6)

                                          STATION:   TWIN FALLS ID
                                          MONTH:     APRIL
                                          YEAR:      2018
                                          LATITUDE:   42 28 N
                                          LONGITUDE: 114 29 W

  TEMPERATURE IN F:       :PCPN:    SNOW:  WIND      :SUNSHINE: SKY     :PK WND
================================================================================
1   2   3   4   5  6A  6B    7    8   9   10  11  12  13   14  15   16   17  18
                                     12Z  AVG MX 2MIN
DY MAX MIN AVG DEP HDD CDD  WTR  SNW DPTH SPD SPD DIR MIN PSBL S-S WX    SPD DR
================================================================================

 1  60  36  48   3  17   0    T    M    M 10.4 17 280   M    M   3        24 310
 2  46  24  35 -10  30   0 0.10    M    M 20.9 41 270   M    M   6 1      51 280
 3  52  20  36 -10  29   0 0.00    M    M  9.7 17 160   M    M   1        23 150
 4  59  36  48   2  17   0 0.00    M    M 12.1 22 280   M    M   7        28 240
 5  57  43  50   4  15   0 0.05    M    M  8.5 18 190   M    M   8        23 210
 6  54  43  49   3  16   0 0.13    M    M 10.3 22 250   M    M   8 18     27 250
 7  69  45  57  11   8   0 0.09    M    M 15.4 45 230   M    M   9 1      56 240
 8  54  35  45  -1  20   0 0.04    M    M 17.7 31 280   M    M   8        40 250
 9  59  33  46   0  19   0 0.00    M    M  8.9 17 190   M    M   0        20 190
10  68  32  50   3  15   0    T    M    M 10.4 32 190   M    M   4 8      46 190
11  62  43  53   6  12   0    T    M    M 10.8 28 200   M    M   5        39 220
12  55  31  43  -4  22   0    T    M    M 26.5 43 250   M    M   4 18     51 260
13  51  30  41  -6  24   0 0.00    M    M 20.8 35 260   M    M   0        41 270
14  57  35  46  -2  19   0    T    M    M  9.9 24 260   M    M   4        29 260
15  68  36  52   4  13   0 0.00    M    M 14.4 28 140   M    M   3        34 140
16  56  32  44  -4  21   0 0.10    M    M 12.7 28 270   M    M   8 12     35 240
17  47  27  37 -11  28   0    T    M    M 18.8 33 260   M    M   2        41 260
18  60  24  42  -6  23   0 0.00    M    M  9.5 21 160   M    M   1        25 160
19  58  40  49   0  16   0 0.00    M    M 13.5 21 270   M    M   4        25 280
20  64  37  51   2  14   0 0.00    M    M 17.3 26 270   M    M   0        33 270
21  71  41  56   7   9   0 0.00    M    M 14.4 22 280   M    M   0        27 260
22  65  39  52   3  13   0 0.03    M    M 11.6 22 270   M    M   2 3      26 280
23  60  36  48  -2  17   0 0.00    M    M 16.2 29 240   M    M   0        35 240
24  64  36  50   0  15   0 0.00    M    M 14.4 26  70   M    M   0        35  70
================================================================================
SM 1416  834       432   0  0.54    M    335.1          M       87
================================================================================
AV 59.0 34.8                              14.0 FASTST   M    M   4    MAX(MPH)
                                 MISC ---->  # 45 230               # 56  240
================================================================================
NOTES:
# LAST OF SEVERAL OCCURRENCES

COLUMN 17 PEAK WIND IN M.P.H.

PRELIMINARY LOCAL CLIMATOLOGICAL DATA (WS FORM: F-6) , PAGE 2

                                          STATION:  TWIN FALLS ID
                                          MONTH:    APRIL
                                          YEAR:     2018
                                          LATITUDE:   42 28 N
                                          LONGITUDE: 114 29 W

[TEMPERATURE DATA]      [PRECIPITATION DATA]       SYMBOLS USED IN COLUMN 16

AVERAGE MONTHLY: 46.9   TOTAL FOR MONTH:   0.54    1 = FOG OR MIST
DPTR FM NORMAL:  -0.5   DPTR FM NORMAL:   -0.34    2 = FOG REDUCING VISIBILITY
HIGHEST:    71 ON 21    GRTST 24HR  0.13 ON  6- 6      TO 1/4 MILE OR LESS
LOWEST:     20 ON  3                               3 = THUNDER
                        SNOW, ICE PELLETS, HAIL    4 = ICE PELLETS
                        TOTAL MONTH:    M          5 = HAIL
                        GRTST 24HR    M  ON   M    6 = FREEZING RAIN OR DRIZZLE
                        GRTST DEPTH:  M  ON   M    7 = DUSTSTORM OR SANDSTORM:
                                                       VSBY 1/2 MILE OR LESS
                                                   8 = SMOKE OR HAZE
[NO. OF DAYS WITH]      [WEATHER - DAYS WITH]      9 = BLOWING SNOW
                                                   X = TORNADO
MAX 32 OR BELOW:   0    0.01 INCH OR MORE:   7
MAX 90 OR ABOVE:   0    0.10 INCH OR MORE:   3
MIN 32 OR BELOW:   8    0.50 INCH OR MORE:   0
MIN  0 OR BELOW:   0    1.00 INCH OR MORE:   0

[HDD (BASE 65) ]
TOTAL THIS MO.   432    CLEAR  (SCALE 0-3)  11
DPTR FM NORMAL     8    PTCLDY (SCALE 4-7)  11
TOTAL FM JUL 1  5743    CLOUDY (SCALE 8-10)  2
DPTR FM NORMAL    30

[CDD (BASE 65) ]
TOTAL THIS MO.     0
DPTR FM NORMAL     0    [PRESSURE DATA]
TOTAL FM JAN 1     0    HIGHEST SLP M ON M
DPTR FM NORMAL     0    LOWEST  SLP 29.42 ON 15

[REMARKS]
