000
CXUS51 KBOX 060052
CLABDL
CLIMATE REPORT
NATIONAL WEATHER SERVICE BOSTON/NORTON MA
752 PM EST THU JAN 05 2023
...................................
...THE HARTFORD CT CLIMATE SUMMARY FOR THE YEAR OF 2022...
CLIMATE NORMAL PERIOD 1991 TO 2020
CLIMATE RECORD PERIOD 1904 TO 2022
WEATHER OBSERVED NORMAL DEPART
VALUE DATE(S) VALUE FROM
NORMAL
................................................
TEMPERATURE (F)
RECORD
HIGH 103 07/22/2011
LOW -26 01/22/1961
HIGHEST 97 07/20
LOWEST -2 01/31
AVG. MAXIMUM 63.3 61.1 2.2
AVG. MINIMUM 42.1 40.9 1.2
MEAN 52.7 51.0 1.7
DAYS MAX >= 90 29 19.6 9.4
DAYS MAX <= 32 27 28.4 -1.4
DAYS MIN <= 32 118 125.8 -7.8
DAYS MIN <= 0 2 3.4 -1.4
PRECIPITATION (INCHES)
RECORD
MAXIMUM 69.23 2011
MINIMUM 29.45 1965
TOTALS 47.91 47.05 0.86
DAILY AVG. 0.13 0.13 0.00
DAYS >= .01 128 130.4 -2.4
DAYS >= .10 83 80.8 2.2
DAYS >= .50 31 31.7 -0.7
DAYS >= 1.00 14 12.4 1.6
GREATEST
24 HR. TOTAL 3.84 09/05 TO 09/06
SNOWFALL (INCHES)
RECORDS
MAXIMUM 102.6 1945
MINIMUM 14.4 1913
SNOW DEPTH 45 12/31/1945
TOTALS 34.4 51.7 -17.3
SINCE 7/1 7.1 12.2 -5.1
SNOWDEPTH AVG. 0
DAYS >= TRACE 31 22.3 8.7
DAYS >= 1.0 8 12.5 -4.5
GREATEST
SNOW DEPTH 7 01/30
24 HR TOTAL 6.8 01/29 TO 01/29
DEGREE DAYS
HEATING TOTAL 5442 5883 -441
SINCE 7/1 1923 2172 -249
COOLING TOTAL 1074 819 255
SINCE 1/1 1074 819 255
................................................
WIND (MPH)
AVERAGE WIND SPEED 7.8
RESULTANT WIND SPEED/DIRECTION 2/280
HIGHEST WIND SPEED/DIRECTION 38/310 DATE 02/19
HIGHEST GUST SPEED/DIRECTION 50/140 DATE 02/19
SKY COVER
POSSIBLE SUNSHINE (PERCENT) MM
AVERAGE SKY COVER 0.59
NUMBER OF DAYS FAIR 81
NUMBER OF DAYS PC 171
NUMBER OF DAYS CLOUDY 113
AVERAGE RH (PERCENT) 63
WEATHER CONDITIONS. NUMBER OF DAYS WITH
THUNDERSTORM 28 MIXED PRECIP 0
HEAVY RAIN 39 RAIN 57
LIGHT RAIN 136 FREEZING RAIN 0
LT FREEZING RAIN 3 HAIL 2
HEAVY SNOW 3 SNOW 6
LIGHT SNOW 29 SLEET 6
FOG 153 FOG W/VIS <= 1/4 MILE 21
HAZE 21
- INDICATES NEGATIVE NUMBERS.
R INDICATES RECORD WAS SET OR TIED.
MM INDICATES DATA IS MISSING.
T INDICATES TRACE AMOUNT.
$$