000
CDUS45 KABQ 230844
CLIABQ


CLIMATE REPORT
NATIONAL WEATHER SERVICE ALBUQUERQUE NM
244 AM MDT WED MAY 23 2018


...................................

...THE ALBUQUERQUE  NM CLIMATE SUMMARY FOR MAY 22 2018...

CLIMATE NORMAL PERIOD 1981 TO 2010
CLIMATE RECORD PERIOD 1891 TO 2018


WEATHER ITEM   OBSERVED TIME   RECORD YEAR NORMAL DEPARTURE LAST
                VALUE   (LST)  VALUE       VALUE  FROM      YEAR
                                                  NORMAL
..................................................................
TEMPERATURE (F)
 YESTERDAY
  MAXIMUM         83    440 PM  96    1984  81      2       80
  MINIMUM         56    106 AM  35    1962  54      2       57
                                      1915
  AVERAGE         70                        68      2       69

PRECIPITATION (IN)
  YESTERDAY        0.00          0.98 1940   0.01  -0.01
  MONTH TO DATE    0.12                      0.35  -0.23
  SINCE MAR 1      0.30                      1.53  -1.23
  SINCE JAN 1      0.84                      2.39  -1.55

SNOWFALL (IN)
  YESTERDAY        0.0
  MONTH TO DATE    T
  SINCE MAR 1      T
  SINCE JUL 1      0.3
  SNOW DEPTH       0

DEGREE DAYS
 HEATING
  YESTERDAY        0                         1     -1        0
  MONTH TO DATE   24                        63    -39       72
  SINCE MAR 1    626                       864   -238      618
  SINCE JUL 1   3329                      4167   -838     3300

 COOLING
  YESTERDAY        5                         4      1        4
  MONTH TO DATE  109                        47     62       32
  SINCE MAR 1    123                        54     69       37
  SINCE JAN 1    123                        54     69       37
..................................................................


WIND (MPH)
  HIGHEST WIND SPEED    29   HIGHEST WIND DIRECTION     S (190)
  HIGHEST GUST SPEED    40   HIGHEST GUST DIRECTION    SW (210)
  AVERAGE WIND SPEED    13.0


SKY COVER
  POSSIBLE SUNSHINE  MM
  AVERAGE SKY COVER 0.4


WEATHER CONDITIONS
 THE FOLLOWING WEATHER WAS RECORDED YESTERDAY.
  NO SIGNIFICANT WEATHER WAS OBSERVED.


RELATIVE HUMIDITY (PERCENT)
 HIGHEST    77           100 AM
 LOWEST      9           700 PM
 AVERAGE    43

..........................................................


THE ALBUQUERQUE  NM CLIMATE NORMALS FOR TODAY
                         NORMAL    RECORD    YEAR
 MAXIMUM TEMPERATURE (F)   81        97      2000
 MINIMUM TEMPERATURE (F)   55        36      1975


SUNRISE AND SUNSET
MAY 23 2018...........SUNRISE   557 AM MDT   SUNSET   809 PM MDT
MAY 24 2018...........SUNRISE   557 AM MDT   SUNSET   810 PM MDT


-  INDICATES NEGATIVE NUMBERS.
R  INDICATES RECORD WAS SET OR TIED.
MM INDICATES DATA IS MISSING.
T  INDICATES TRACE AMOUNT.




$$
