000
CDUS43 KABR 210831
CLIABR


CLIMATE REPORT
NATIONAL WEATHER SERVICE ABERDEEN SD
330 AM CDT MON MAY 21 2018


...................................

...THE ABERDEEN SD CLIMATE SUMMARY FOR MAY 20 2018...

CLIMATE NORMAL PERIOD 1981 TO 2010
CLIMATE RECORD PERIOD 1893 TO 2018


WEATHER ITEM   OBSERVED TIME   RECORD YEAR NORMAL DEPARTURE LAST
                VALUE   (LST)  VALUE       VALUE  FROM      YEAR
                                                  NORMAL
..................................................................
TEMPERATURE (F)
 YESTERDAY
  MAXIMUM         73    433 PM  96    1934  70      3       47
  MINIMUM         38    513 AM  23    1907  46     -8       37
  AVERAGE         56                        58     -2       42

PRECIPITATION (IN)
  YESTERDAY        0.00          1.53 1974   0.10  -0.10     0.25
  MONTH TO DATE    0.42                      2.06  -1.64     0.51
  SINCE MAR 1      2.99                      5.07  -2.08     2.56
  SINCE JAN 1      3.86                      6.09  -2.23     3.24

DEGREE DAYS
 HEATING
  YESTERDAY        9                         8      1       23
  MONTH TO DATE  127                       215    -88      155
  SINCE MAR 1   2126                      1923    203     1782
  SINCE JUL 1   8493                      8386    107     7397

 COOLING
  YESTERDAY        0                         1     -1        0
  MONTH TO DATE   16                        10      6       12
  SINCE MAR 1     16                        12      4       12
  SINCE JAN 1     16                        12      4       12
..................................................................


WIND (MPH)
  HIGHEST WIND SPEED    20   HIGHEST WIND DIRECTION     E (80)
  HIGHEST GUST SPEED    27   HIGHEST GUST DIRECTION     E (70)
  AVERAGE WIND SPEED     8.6


SKY COVER
  POSSIBLE SUNSHINE  MM
  AVERAGE SKY COVER 0.2


WEATHER CONDITIONS
 THE FOLLOWING WEATHER WAS RECORDED YESTERDAY.
  NO SIGNIFICANT WEATHER WAS OBSERVED.


RELATIVE HUMIDITY (PERCENT)
 HIGHEST    85           500 AM
 LOWEST     19           300 PM
 AVERAGE    52

..........................................................


THE ABERDEEN SD CLIMATE NORMALS FOR TODAY
                         NORMAL    RECORD    YEAR
 MAXIMUM TEMPERATURE (F)   70        94      1925
 MINIMUM TEMPERATURE (F)   46        25      1895


SUNRISE AND SUNSET
MAY 21 2018...........SUNRISE   557 AM CDT   SUNSET   904 PM CDT
MAY 22 2018...........SUNRISE   556 AM CDT   SUNSET   905 PM CDT


-  INDICATES NEGATIVE NUMBERS.
R  INDICATES RECORD WAS SET OR TIED.
MM INDICATES DATA IS MISSING.
T  INDICATES TRACE AMOUNT.




$$
