000
CDUS44 KFWD 260642
CLIACT

CLIMATE REPORT
NATIONAL WEATHER SERVICE FORT WORTH TX
140 AM CDT SAT MAY 26 2018

...................................

...THE WACO CLIMATE SUMMARY FOR MAY 25 2018...

CLIMATE NORMAL PERIOD 1981 TO 2010
CLIMATE RECORD PERIOD 1901 TO 2018


WEATHER ITEM   OBSERVED TIME   RECORD YEAR NORMAL DEPARTURE LAST
                VALUE   (LST)  VALUE       VALUE  FROM      YEAR
                                                  NORMAL
..................................................................
TEMPERATURE (F)
 YESTERDAY
  MAXIMUM         94    312 PM  98    2011  87      7       91
  MINIMUM         72    541 AM  53    1979  66      6       59
  AVERAGE         83                        77      6       75

PRECIPITATION (IN)
  YESTERDAY        0.00          2.67 1933   0.14  -0.14     0.00
  MONTH TO DATE    2.94                      3.43  -0.49     2.47
  SINCE MAR 1      5.94                      9.27  -3.33    12.82
  SINCE JAN 1      8.37                     14.02  -5.65    18.98

DEGREE DAYS
 HEATING
  YESTERDAY        0                         0      0        0
  MONTH TO DATE    0                         4     -4        3
  SINCE MAR 1    285                       328    -43      159
  SINCE JUL 1   2088                      2140    -52     1335

 COOLING
  YESTERDAY       18                        12      6       10
  MONTH TO DATE  315                       222     93      191
  SINCE MAR 1    431                       367     64      422
  SINCE JAN 1    451                       376     75      480
..................................................................


WIND (MPH)
  HIGHEST WIND SPEED    30   HIGHEST WIND DIRECTION    NE (60)
  HIGHEST GUST SPEED    37   HIGHEST GUST DIRECTION    NE (50)
  AVERAGE WIND SPEED     9.3


SKY COVER
  POSSIBLE SUNSHINE  MM
  AVERAGE SKY COVER 0.1


WEATHER CONDITIONS
 THE FOLLOWING WEATHER WAS RECORDED YESTERDAY.
  NO SIGNIFICANT WEATHER WAS OBSERVED.


RELATIVE HUMIDITY (PERCENT)
 HIGHEST    93           400 AM
 LOWEST     44           400 PM
 AVERAGE    69

..........................................................


THE WACO CLIMATE NORMALS FOR TODAY
                         NORMAL    RECORD    YEAR
 MAXIMUM TEMPERATURE (F)   87        98      1904
 MINIMUM TEMPERATURE (F)   67        54      1947


SUNRISE AND SUNSET
MAY 26 2018...........SUNRISE   626 AM CDT   SUNSET   826 PM CDT
MAY 27 2018...........SUNRISE   626 AM CDT   SUNSET   826 PM CDT


-  INDICATES NEGATIVE NUMBERS.
R  INDICATES RECORD WAS SET OR TIED.
MM INDICATES DATA IS MISSING.
T  INDICATES TRACE AMOUNT.

$$
