000
CDUS42 KFFC 210820
CLIAHN


CLIMATE REPORT
NATIONAL WEATHER SERVICE PEACHTREE CITY GA
419 AM EDT SAT APR 21 2018


...................................

...THE ATHENS CLIMATE SUMMARY FOR APRIL 20 2018...

CLIMATE NORMAL PERIOD 1981 TO 2010
CLIMATE RECORD PERIOD 1898 TO 2018


WEATHER ITEM   OBSERVED TIME   RECORD YEAR NORMAL DEPARTURE LAST
                VALUE   (LST)  VALUE       VALUE  FROM      YEAR
                                                  NORMAL
..................................................................
TEMPERATURE (F)
 YESTERDAY
  MAXIMUM         69    511 PM  94    1925  75     -6       85
  MINIMUM         40    627 AM  29    1983  50    -10       60
  AVERAGE         55                        63     -8       73

PRECIPITATION (IN)
  YESTERDAY        0.00          1.88 1893   0.10  -0.10     0.00
  MONTH TO DATE    2.63                      2.12   0.51     4.31
  SINCE MAR 1      5.81                      6.55  -0.74     8.62
  SINCE JAN 1     16.22                     15.08   1.14    16.32

SNOWFALL (IN)
  YESTERDAY        0.0           0.0  2002   0.0    0.0      0.0
                                      2001
                                      2000
  MONTH TO DATE    0.0                       0.1   -0.1      0.0
  SINCE MAR 1      0.0                       0.9   -0.9      0.0
  SINCE JUL 1      1.1                       3.0   -1.9      0.0
  SNOW DEPTH       0

DEGREE DAYS
 HEATING
  YESTERDAY       10                         4      6        0
  MONTH TO DATE  147                       115     32       47
  SINCE MAR 1    530                       455     75      328
  SINCE JUL 1   2536                      2710   -174     1852

 COOLING
  YESTERDAY        0                         2     -2        8
  MONTH TO DATE   11                        24    -13       61
  SINCE MAR 1     14                        34    -20       99
  SINCE JAN 1     48                        35     13      108
..................................................................


WIND (MPH)
  RESULTANT WIND SPEED   5   RESULTANT WIND DIRECTION   E (80)
  HIGHEST WIND SPEED    14   HIGHEST WIND DIRECTION    NE (60)
  HIGHEST GUST SPEED    21   HIGHEST GUST DIRECTION     E (90)
  AVERAGE WIND SPEED     4.7


SKY COVER
  POSSIBLE SUNSHINE  MM
  AVERAGE SKY COVER 0.0


WEATHER CONDITIONS
 THE FOLLOWING WEATHER WAS RECORDED YESTERDAY.
  NO SIGNIFICANT WEATHER WAS OBSERVED.


RELATIVE HUMIDITY (PERCENT)
 HIGHEST    76           100 AM
 LOWEST     24           500 PM
 AVERAGE    50

..........................................................


THE ATHENS CLIMATE NORMALS FOR TODAY
                         NORMAL    RECORD    YEAR
 MAXIMUM TEMPERATURE (F)   75        88      2017
                                             2002
                                             1985
 MINIMUM TEMPERATURE (F)   51        31      1953


SUNRISE AND SUNSET
APRIL 21 2018.........SUNRISE   655 AM EDT   SUNSET   809 PM EDT
APRIL 22 2018.........SUNRISE   654 AM EDT   SUNSET   810 PM EDT


-  INDICATES NEGATIVE NUMBERS.
R  INDICATES RECORD WAS SET OR TIED.
MM INDICATES DATA IS MISSING.
T  INDICATES TRACE AMOUNT.




$$
