000
CDUS45 KPUB 211047
CLIALS


CLIMATE REPORT
NATIONAL WEATHER SERVICE PUEBLO
447 AM MDT SAT APR 21 2018


...................................

...THE ALAMOSA CO CLIMATE SUMMARY FOR APRIL 20 2018...

CLIMATE NORMAL PERIOD 1981 TO 2010
CLIMATE RECORD PERIOD 1932 TO 2018


WEATHER ITEM   OBSERVED TIME   RECORD YEAR NORMAL DEPARTURE LAST
                VALUE   (LST)  VALUE       VALUE  FROM      YEAR
                                                  NORMAL
..................................................................
TEMPERATURE (F)
 YESTERDAY
  MAXIMUM         48    240 PM  80    1989  61    -13       65
  MINIMUM         27   1037 PM  11    1982  26      1       28
  AVERAGE         38                        43     -5       47

PRECIPITATION (IN)
  YESTERDAY        0.10          1.22 1952   0.02   0.08     0.01
  MONTH TO DATE    0.20                      0.38  -0.18     0.36
  SINCE MAR 1      0.35                      0.91  -0.56     1.09
  SINCE JAN 1      0.66                      1.43  -0.77     2.74

SNOWFALL (IN)
  YESTERDAY        0.3           6.4  1977   0.1    0.2      0.0
  MONTH TO DATE    0.3                       2.6   -2.3      3.2
  SINCE MAR 1      2.1                       7.6   -5.5      3.9
  SINCE JUL 1      9.1                      25.7  -16.6     39.4
  SNOW DEPTH       0

DEGREE DAYS
 HEATING
  YESTERDAY       27                        22      5       18
  MONTH TO DATE  429                       493    -64      398
  SINCE MAR 1   1365                      1470   -105     1137
  SINCE JUL 1   6640                      7799  -1159     6926

 COOLING
  YESTERDAY        0                         0      0        0
  MONTH TO DATE    0                         0      0        0
  SINCE MAR 1      0                         0      0        0
  SINCE JAN 1      0                         0      0        0
..................................................................


WIND (MPH)
  HIGHEST WIND SPEED    32   HIGHEST WIND DIRECTION    SW (240)
  HIGHEST GUST SPEED    38   HIGHEST GUST DIRECTION    SW (230)
  AVERAGE WIND SPEED    12.0


SKY COVER
  POSSIBLE SUNSHINE  MM
  AVERAGE SKY COVER 0.6


WEATHER CONDITIONS
 THE FOLLOWING WEATHER WAS RECORDED YESTERDAY.
  THUNDERSTORM
  LIGHT RAIN
  SNOW
  LIGHT SNOW
  FOG
  FOG W/VISIBILITY <= 1/4 MILE


RELATIVE HUMIDITY (PERCENT)
 HIGHEST   100           900 AM
 LOWEST     21           500 PM
 AVERAGE    61

..........................................................


THE ALAMOSA CO CLIMATE NORMALS FOR TODAY
                         NORMAL    RECORD    YEAR
 MAXIMUM TEMPERATURE (F)   61        79      1989
 MINIMUM TEMPERATURE (F)   26        10      1907


SUNRISE AND SUNSET
APRIL 21 2018.........SUNRISE   621 AM MDT   SUNSET   744 PM MDT
APRIL 22 2018.........SUNRISE   619 AM MDT   SUNSET   745 PM MDT


-  INDICATES NEGATIVE NUMBERS.
R  INDICATES RECORD WAS SET OR TIED.
MM INDICATES DATA IS MISSING.
T  INDICATES TRACE AMOUNT.




$$
