000
CDUS44 KAMA 232139
CLIAMA


CLIMATE REPORT
NATIONAL WEATHER SERVICE AMARILLO TX
439 PM CDT MON APR 23 2018


...................................

...THE AMARILLO CLIMATE SUMMARY FOR APRIL 23 2018...
VALID TODAY AS OF 0400 PM LOCAL TIME.

CLIMATE NORMAL PERIOD 1981 TO 2010
CLIMATE RECORD PERIOD 1892 TO 2018


WEATHER ITEM   OBSERVED TIME   RECORD YEAR NORMAL DEPARTURE LAST
                VALUE   (LST)  VALUE       VALUE  FROM      YEAR
                                                  NORMAL
..................................................................
TEMPERATURE (F)
 TODAY
  MAXIMUM         73    323 PM  93    2006  73      0       72
                                      1989
                                      1965
  MINIMUM         37    337 AM  25    2013  44     -7       32
  AVERAGE         55                        59     -4       52

PRECIPITATION (IN)
  TODAY            0.00          2.61 1911   0.05  -0.05     0.00
  MONTH TO DATE    0.49                      1.03  -0.54     0.32
  SINCE MAR 1      0.73                      2.42  -1.69     2.30
  SINCE JAN 1      0.74                      3.70  -2.96     5.98

SNOWFALL (IN)
  TODAY            0.0           1.2  1913   0.0    0.0      0.0
  MONTH TO DATE    0.0                       0.6   -0.6      0.0
  SINCE MAR 1      0.0                       3.5   -3.5      0.0
  SINCE JUL 1      T                        17.5  -17.5      8.0
  SNOW DEPTH       0

DEGREE DAYS
 HEATING
  TODAY           10                         7      3       13
  MONTH TO DATE  278                       236     42      165
  SINCE MAR 1    664                       768   -104      512
  SINCE JUL 1   3570                      4045   -475     3070

 COOLING
  TODAY            0                         1     -1        0
  MONTH TO DATE   17                         9      8       33
  SINCE MAR 1     26                        11     15       45
  SINCE JAN 1     26                        11     15       50
..................................................................


WIND (MPH)
  RESULTANT WIND SPEED   2   RESULTANT WIND DIRECTION   E (90)
  HIGHEST WIND SPEED    18   HIGHEST WIND DIRECTION     S (190)
  HIGHEST GUST SPEED    23   HIGHEST GUST DIRECTION     S (180)
  AVERAGE WIND SPEED     3.8


SKY COVER
  AVERAGE SKY COVER 0.0


WEATHER CONDITIONS
 THE FOLLOWING WEATHER WAS RECORDED TODAY.
  FOG
  HAZE


RELATIVE HUMIDITY (PERCENT)
 HIGHEST   100           700 AM
 LOWEST     31           300 PM
 AVERAGE    66

..........................................................


THE AMARILLO CLIMATE NORMALS FOR TOMORROW
                         NORMAL    RECORD    YEAR
 MAXIMUM TEMPERATURE (F)   74        95      2012
 MINIMUM TEMPERATURE (F)   44        20      2013


SUNRISE AND SUNSET
APRIL 23 2018.........SUNRISE   705 AM CDT   SUNSET   826 PM CDT
APRIL 24 2018.........SUNRISE   703 AM CDT   SUNSET   827 PM CDT


-  INDICATES NEGATIVE NUMBERS.
R  INDICATES RECORD WAS SET OR TIED.
MM INDICATES DATA IS MISSING.
T  INDICATES TRACE AMOUNT.




$$
