530
CDAK48 PAFC 190048
CLIANC


CLIMATE REPORT
NATIONAL WEATHER SERVICE ANCHORAGE, AK
448 PM AKDT WED APR 18 2018


...................................

...THE ANCHORAGE AK CLIMATE SUMMARY FOR APRIL 18 2018...
VALID TODAY AS OF 0400 PM LOCAL TIME.

CLIMATE NORMAL PERIOD 1981 TO 2010
CLIMATE RECORD PERIOD 1952 TO 2018


WEATHER ITEM   OBSERVED TIME   RECORD YEAR NORMAL DEPARTURE LAST
                VALUE   (LST)  VALUE       VALUE  FROM      YEAR
                                                  NORMAL
..................................................................
TEMPERATURE (F)
 TODAY
  MAXIMUM         45        MM  59    1965  46     -1       49
  MINIMUM         34        MM   9    1963  30      4       27
  AVERAGE         40                        38      2       38

PRECIPITATION (IN)
  TODAY            0.00          0.31 1972   0.01  -0.01     0.00
                                      1961
  MONTH TO DATE    0.03                      0.27  -0.24     0.02
  SINCE MAR 1      0.85                      0.87  -0.02     0.69
  SINCE JAN 1      3.99                      2.32   1.67     3.39

SNOWFALL (IN)
  TODAY            0.0           5.7  1972   0.1   -0.1      0.0
  MONTH TO DATE    T                         3.0   -3.0       T
  SINCE MAR 1     10.8                      12.9   -2.1     10.3
  SINCE JUL 1     59.1                      73.2  -14.1     82.4
  SNOW DEPTH       0

DEGREE DAYS
 HEATING
  TODAY           25                        27     -2       27
  MONTH TO DATE  490                       550    -60      481
  SINCE MAR 1   1638                      1742   -104     1890
  SINCE JUL 1   8362                      9071   -709     8928

 COOLING
  TODAY            0                         0      0        0
  MONTH TO DATE    0                         0      0        0
  SINCE MAR 1      0                         0      0        0
  SINCE JAN 1      0                         0      0        0
..................................................................


WIND (MPH)
  RESULTANT WIND SPEED   4   RESULTANT WIND DIRECTION   W (290)
  HIGHEST WIND SPEED     8   HIGHEST WIND DIRECTION    NW (310)
  HIGHEST GUST SPEED    MM   HIGHEST GUST DIRECTION    MM
  AVERAGE WIND SPEED     5.5


SKY COVER
  POSSIBLE SUNSHINE  MM
  AVERAGE SKY COVER 0.9


WEATHER CONDITIONS
 THE FOLLOWING WEATHER WAS RECORDED TODAY.
  NO SIGNIFICANT WEATHER WAS OBSERVED.


RELATIVE HUMIDITY (PERCENT)
 HIGHEST    82           300 AM
 LOWEST     49           100 PM
 AVERAGE    66

..........................................................


THE ANCHORAGE AK CLIMATE NORMALS FOR TOMORROW
                         NORMAL    RECORD    YEAR
 MAXIMUM TEMPERATURE (F)   46        57      1965
 MINIMUM TEMPERATURE (F)   30         9      1959


SUNRISE AND SUNSET
APRIL 18 2018.........SUNRISE   630 AM AKDT  SUNSET   931 PM AKDT
APRIL 19 2018.........SUNRISE   627 AM AKDT  SUNSET   934 PM AKDT


-  INDICATES NEGATIVE NUMBERS.
R  INDICATES RECORD WAS SET OR TIED.
MM INDICATES DATA IS MISSING.
T  INDICATES TRACE AMOUNT.




$$
