000
CDUS42 KMFL 222035
CLIAPF


CLIMATE REPORT
NATIONAL WEATHER SERVICE MIAMI, FL
434 PM EDT SUN APR 22 2018


...................................

...THE NAPLES CLIMATE SUMMARY FOR APRIL 22 2018...
VALID TODAY AS OF 0400 PM LOCAL TIME.

CLIMATE NORMAL PERIOD 1981 TO 2010
CLIMATE RECORD PERIOD 1942 TO 2018


WEATHER ITEM   OBSERVED TIME   RECORD YEAR NORMAL DEPARTURE LAST
                VALUE   (LST)  VALUE       VALUE  FROM      YEAR
                                                  NORMAL
..................................................................
TEMPERATURE (F)
 TODAY
  MAXIMUM         89   1136 AM  92    1970  84      5       85
  MINIMUM         71    625 AM  54    1988  64      7       71
                                      1962
  AVERAGE         80                        74      6       78

PRECIPITATION (IN)
  TODAY            0.00          0.74 1959   0.08  -0.08     0.39
  MONTH TO DATE    0.66                      1.84  -1.18     0.61
  SINCE NOV 1      3.77                     11.66  -7.89     3.02
  SINCE JAN 1      2.62                      8.17  -5.55     2.67

SNOWFALL (IN)
  TODAY            0.0
  MONTH TO DATE    0.0
  SINCE MAR 1      0.0
  SINCE JUL 1      0.0
  SNOW DEPTH       0

DEGREE DAYS
 HEATING
  TODAY            0                         0      0        0
  MONTH TO DATE    0                         0      0        0
  SINCE MAR 1     22                        23     -1       11
  SINCE JUL 1    200                       256    -56       67

 COOLING
  TODAY           15                         9      6       13
  MONTH TO DATE  246                       172     74      238
  SINCE MAR 1    387                       348     39      435
  SINCE JAN 1    747                       539    208      758
..................................................................


WIND (MPH)
  HIGHEST WIND SPEED    17   HIGHEST WIND DIRECTION     E (90)
  HIGHEST GUST SPEED    25   HIGHEST GUST DIRECTION     E (110)
  AVERAGE WIND SPEED     9.2


SKY COVER
  AVERAGE SKY COVER 0.3


WEATHER CONDITIONS
 THE FOLLOWING WEATHER WAS RECORDED TODAY.
  THUNDERSTORM


RELATIVE HUMIDITY (PERCENT)
 HIGHEST   100
 LOWEST     55
 AVERAGE    78

..........................................................


THE NAPLES CLIMATE NORMALS FOR TOMORROW
                         NORMAL    RECORD    YEAR
 MAXIMUM TEMPERATURE (F)   84        92      1973
 MINIMUM TEMPERATURE (F)   64        47      1993


SUNRISE AND SUNSET
APRIL 22 2018.........SUNRISE   657 AM EDT   SUNSET   754 PM EDT
APRIL 23 2018.........SUNRISE   656 AM EDT   SUNSET   755 PM EDT


-  INDICATES NEGATIVE NUMBERS.
R  INDICATES RECORD WAS SET OR TIED.
MM INDICATES DATA IS MISSING.
T  INDICATES TRACE AMOUNT.




$$
