000
CDUS46 KPQR 202321
CLIAST


CLIMATE REPORT
NATIONAL WEATHER SERVICE PORTLAND OREGON
421 PM PDT SUN MAY 20 2018


...................................

...THE ASTORIA OR CLIMATE SUMMARY FOR MAY 20 2018...
VALID TODAY AS OF 0400 PM LOCAL TIME.

CLIMATE NORMAL PERIOD 1981 TO 2010
CLIMATE RECORD PERIOD 1892 TO 2018


WEATHER ITEM   OBSERVED TIME   RECORD YEAR NORMAL DEPARTURE LAST
                VALUE   (LST)  VALUE       VALUE  FROM      YEAR
                                                  NORMAL
..................................................................
TEMPERATURE (F)
 TODAY
  MAXIMUM         61    231 PM  85    1914  61      0       63
  MINIMUM         51    446 AM  37    1909  46      5       51
  AVERAGE         56                        54      2       57

PRECIPITATION (IN)
  TODAY            T             1.39 1930   0.10  -0.10     0.00
  MONTH TO DATE    0.42                      2.23  -1.81     5.78
  SINCE OCT 1     63.93                     59.29   4.64    90.89
  SINCE JAN 1     33.14                     32.27   0.87    47.02

DEGREE DAYS
 HEATING
  TODAY            9                        11     -2        8
  MONTH TO DATE  192                       256    -64      252
  SINCE MAR 1   1261                      1323    -62     1291
  SINCE JUL 1   4419                      4665   -246     4274

 COOLING
  TODAY            0                         0      0        0
  MONTH TO DATE    0                         0      0        0
  SINCE MAR 1      1                         0      1        0
  SINCE JAN 1      1                         0      1        0
..................................................................


WIND (MPH)
  HIGHEST WIND SPEED    16   HIGHEST WIND DIRECTION    NW (330)
  HIGHEST GUST SPEED    20   HIGHEST GUST DIRECTION     N (340)
  AVERAGE WIND SPEED     7.6


SKY COVER
  POSSIBLE SUNSHINE  MM
  AVERAGE SKY COVER 0.9


WEATHER CONDITIONS
 THE FOLLOWING WEATHER WAS RECORDED TODAY.
  LIGHT RAIN
  FOG
  HAZE


RELATIVE HUMIDITY (PERCENT)
 HIGHEST    89          1200 AM
 LOWEST     69           100 PM
 AVERAGE    79

..........................................................


THE ASTORIA OR CLIMATE NORMALS FOR TOMORROW
                         NORMAL    RECORD    YEAR
 MAXIMUM TEMPERATURE (F)   61        86      1914
 MINIMUM TEMPERATURE (F)   47        36      1973


SUNRISE AND SUNSET
MAY 20 2018...........SUNRISE   537 AM PDT   SUNSET   848 PM PDT
MAY 21 2018...........SUNRISE   536 AM PDT   SUNSET   849 PM PDT


-  INDICATES NEGATIVE NUMBERS.
R  INDICATES RECORD WAS SET OR TIED.
MM INDICATES DATA IS MISSING.
T  INDICATES TRACE AMOUNT.




$$
