000
CDUS43 KGRB 220903
CLIAUW


CLIMATE REPORT
NATIONAL WEATHER SERVICE GREEN BAY
402 AM CDT SUN APR 22 2018


...................................

...THE WAUSAU WI CLIMATE SUMMARY FOR APRIL 21 2018...

CLIMATE NORMAL PERIOD 1981 TO 2010
CLIMATE RECORD PERIOD 1896 TO 2018


WEATHER ITEM   OBSERVED TIME   RECORD YEAR NORMAL DEPARTURE LAST
                VALUE   (LST)  VALUE       VALUE  FROM      YEAR
                                                  NORMAL
..................................................................
TEMPERATURE (F)
 YESTERDAY
  MAXIMUM         56    329 PM  87    1980  58     -2       61
  MINIMUM         27    154 AM  18    1904  36     -9       35
  AVERAGE         42                        47     -5

PRECIPITATION (IN)
  YESTERDAY        0.00          1.31 1964   0.09  -0.09      T
  MONTH TO DATE    3.11                      1.79   1.32     4.54
  SINCE MAR 1      4.74                      3.55   1.19     6.72
  SINCE JAN 1      7.21                      5.49   1.72    10.66

SNOWFALL (IN)
  YESTERDAY        0.0           7.0  2002   0.1   -0.1      0.0
  MONTH TO DATE   34.5                       3.3   31.2      0.4
  SINCE JUL 1     89.2                      58.6   30.6     59.2
  SNOW DEPTH       2

DEGREE DAYS
 HEATING
  YESTERDAY       23                        18      5       17
  MONTH TO DATE  780                       483    297      387
  SINCE MAR 1   1906                      1568    338     1472
  SINCE JUL 1   7994                      7704    290     6698

 COOLING
  YESTERDAY        0                         0      0        0
  MONTH TO DATE    0                         0      0        0
  SINCE MAR 1      0                         0      0        0
  SINCE JAN 1      0                         0      0        0
..................................................................


WIND (MPH)
  HIGHEST WIND SPEED    12   HIGHEST WIND DIRECTION     W (290)
  HIGHEST GUST SPEED    16   HIGHEST GUST DIRECTION    NW (310)
  AVERAGE WIND SPEED     2.4


SKY COVER
  POSSIBLE SUNSHINE  MM
  AVERAGE SKY COVER 0.0


WEATHER CONDITIONS
 THE FOLLOWING WEATHER WAS RECORDED YESTERDAY.
  NO SIGNIFICANT WEATHER WAS OBSERVED.


RELATIVE HUMIDITY (PERCENT)
 HIGHEST    78           500 AM
 LOWEST     24          1100 AM
 AVERAGE    51

..........................................................


THE WAUSAU WI CLIMATE NORMALS FOR TODAY
                         NORMAL    RECORD    YEAR
 MAXIMUM TEMPERATURE (F)   58        88      1980
 MINIMUM TEMPERATURE (F)   36        20      1986


SUNRISE AND SUNSET
APRIL 22 2018.........SUNRISE   602 AM CDT   SUNSET   753 PM CDT
APRIL 23 2018.........SUNRISE   600 AM CDT   SUNSET   754 PM CDT


-  INDICATES NEGATIVE NUMBERS.
R  INDICATES RECORD WAS SET OR TIED.
MM INDICATES DATA IS MISSING.
T  INDICATES TRACE AMOUNT.

$$
