000
CDUS42 KGSP 252045
CLIAVL

CLIMATE REPORT
NATIONAL WEATHER SERVICE GREENVILLE-SPARTANBURG SC
445 PM EDT WED APR 25 2018


...................................

...THE ASHEVILLE NC CLIMATE SUMMARY FOR APRIL 25 2018...
VALID TODAY AS OF 0445 PM LOCAL TIME.

CLIMATE NORMAL PERIOD 1981 TO 2010
CLIMATE RECORD PERIOD 1869 TO 2018


WEATHER ITEM   OBSERVED TIME   RECORD YEAR NORMAL DEPARTURE LAST
                VALUE   (LST)  VALUE       VALUE  FROM      YEAR
                                                  NORMAL
..................................................................
TEMPERATURE (F)
 TODAY
  MAXIMUM         65    249 PM  88    1960  70     -5       73
                                      1896
  MINIMUM         53    641 AM  32    1969  45      8       53
                                      1927
                                      1910
  AVERAGE         59                        58      1       63

PRECIPITATION (IN)
  TODAY            T             2.06 1908   0.12  -0.12     0.01
  MONTH TO DATE    4.25                      2.77   1.48     7.31
  SINCE MAR 1      7.36                      6.60   0.76    11.23
  SINCE JAN 1     16.97                     14.03   2.94    15.65

SNOWFALL (IN)
  TODAY            0.0           T    1910   0.0    0.0      0.0
  MONTH TO DATE    T                         0.7   -0.7      0.0
  SINCE MAR 1      1.2                       2.6   -1.4      2.1
  SINCE JUL 1     12.0                       9.9    2.1      9.4
  SNOW DEPTH       0

DEGREE DAYS
 HEATING
  TODAY            6                         8     -2        2
  MONTH TO DATE  284                       267     17      147
  SINCE MAR 1    870                       822     48      654
  SINCE JUL 1   3720                      4039   -319     3048

 COOLING
  TODAY            0                         0      0        0
  MONTH TO DATE    4                         0      4       11
  SINCE MAR 1      4                         1      3       11
  SINCE JAN 1      8                         1      7       11
..................................................................


WIND (MPH)
  HIGHEST WIND SPEED    21   HIGHEST WIND DIRECTION     N (340)
  HIGHEST GUST SPEED    27   HIGHEST GUST DIRECTION     N (340)
  AVERAGE WIND SPEED    10.5


SKY COVER
  POSSIBLE SUNSHINE  MM
  AVERAGE SKY COVER 0.8


WEATHER CONDITIONS
 THE FOLLOWING WEATHER WAS RECORDED TODAY.
  LIGHT RAIN
  FOG


RELATIVE HUMIDITY (PERCENT)
 HIGHEST    93          1200 AM
 LOWEST     60          1100 AM
 AVERAGE    77

..........................................................


THE ASHEVILLE NC CLIMATE NORMALS FOR TOMORROW
                         NORMAL    RECORD    YEAR
 MAXIMUM TEMPERATURE (F)   70        86      1989
 MINIMUM TEMPERATURE (F)   46        30      1968


SUNRISE AND SUNSET
APRIL 25 2018.........SUNRISE   645 AM EDT   SUNSET   811 PM EDT
APRIL 26 2018.........SUNRISE   644 AM EDT   SUNSET   812 PM EDT


-  INDICATES NEGATIVE NUMBERS.
R  INDICATES RECORD WAS SET OR TIED.
MM INDICATES DATA IS MISSING.
T  INDICATES TRACE AMOUNT.

$$

OUTLAW
