000
CDUS43 KGRR 190536
CLIAZO


CLIMATE REPORT
NATIONAL WEATHER SERVICE GRAND RAPIDS, MI
135 AM EDT THU APR 19 2018


...................................

...THE KALAMAZOO MI CLIMATE SUMMARY FOR APRIL 18 2018...

CLIMATE NORMAL PERIOD 1981 TO 2010
CLIMATE RECORD PERIOD 1998 TO 2018


WEATHER ITEM   OBSERVED TIME   NORMAL DEPARTURE LAST
                VALUE   (LST)  VALUE  FROM      YEAR
                                      NORMAL
......................................................
TEMPERATURE (F)
 YESTERDAY
  MAXIMUM         44    146 PM  61    -17       73
  MINIMUM         27    442 AM  39    -12       44
  AVERAGE         36            50    -14       59

PRECIPITATION (IN)
  YESTERDAY        0.10          0.11  -0.01     0.00
  MONTH TO DATE    2.20          1.77   0.43     1.07
  SINCE MAR 1      3.80          4.02  -0.22     5.24
  SINCE JAN 1      9.63          7.26   2.37     9.96

DEGREE DAYS
 HEATING
  YESTERDAY       29            15     14        6
  MONTH TO DATE  507           331    176      247
  SINCE MAR 1   1421          1215    206     1131
  SINCE JUL 1   5982          5988     -6     5027

 COOLING
  YESTERDAY        0             0      0        0
  MONTH TO DATE    0             0      0        5
  SINCE MAR 1      0             0      0        5
  SINCE JAN 1      0             0      0        5
......................................................


WIND (MPH)
  RESULTANT WIND SPEED   2   RESULTANT WIND DIRECTION  NE (60)
  HIGHEST WIND SPEED    13   HIGHEST WIND DIRECTION     E (100)
  HIGHEST GUST SPEED    17   HIGHEST GUST DIRECTION     E (90)
  AVERAGE WIND SPEED     4.9


SKY COVER
  AVERAGE SKY COVER 0.9


WEATHER CONDITIONS
 THE FOLLOWING WEATHER WAS RECORDED YESTERDAY.
  HEAVY RAIN
  LIGHT RAIN
  LIGHT SNOW
  FOG
  HAZE


RELATIVE HUMIDITY (PERCENT)
 HIGHEST    92           800 PM
 LOWEST     53           200 PM
 AVERAGE    73

..........................................................


THE KALAMAZOO MI CLIMATE NORMALS FOR TODAY
                         NORMAL
 MAXIMUM TEMPERATURE (F)   61
 MINIMUM TEMPERATURE (F)   40


SUNRISE AND SUNSET
APRIL 19 2018.........SUNRISE   655 AM EDT   SUNSET   828 PM EDT
APRIL 20 2018.........SUNRISE   654 AM EDT   SUNSET   829 PM EDT


-  INDICATES NEGATIVE NUMBERS.
R  INDICATES RECORD WAS SET OR TIED.
MM INDICATES DATA IS MISSING.
T  INDICATES TRACE AMOUNT.




$$
