000
CDUS41 KBOX 262204
CLIBDL


CLIMATE REPORT
NATIONAL WEATHER SERVICE BOSTON/NORTON MA
554 PM EDT THU APR 26 2018


...................................

...THE HARTFORD CT CLIMATE SUMMARY FOR APRIL 26 2018...
VALID TODAY AS OF 0500 PM LOCAL TIME.

CLIMATE NORMAL PERIOD 1981 TO 2010
CLIMATE RECORD PERIOD 1904 TO 2018


WEATHER ITEM   OBSERVED TIME   RECORD YEAR NORMAL DEPARTURE LAST
                VALUE   (LST)  VALUE       VALUE  FROM      YEAR
                                                  NORMAL
..................................................................
TEMPERATURE (F)
 TODAY
  MAXIMUM         67    319 PM  88    2009  65      2       62
  MINIMUM         54    608 AM  26    1919  42     12       48
  AVERAGE         61                        53      8       55

PRECIPITATION (IN)
  TODAY            0.06          1.49 1910   0.12  -0.06     0.27
  MONTH TO DATE    5.19                      3.21   1.98     3.67
  SINCE MAR 1      7.84                      6.83   1.01     7.60
  SINCE JAN 1     16.83                     12.95   3.88    13.58

SNOWFALL (IN)
  TODAY            0.0           T    1975   0.0    0.0      0.0
  MONTH TO DATE    7.6                       1.4    6.2      0.5
  SINCE MAR 1     24.2                       7.8   16.4     19.6
  SINCE JUL 1     56.0                      40.5   15.5     62.3
  SNOW DEPTH       0

DEGREE DAYS
 HEATING
  TODAY            4                        12     -8       10
  MONTH TO DATE  565                       429    136      352
  SINCE MAR 1   1417                      1272    145     1329
  SINCE JUL 1   5613                      5710    -97     5222

 COOLING
  TODAY            0                         0      0        0
  MONTH TO DATE    0                         0      0        9
  SINCE MAR 1      0                         0      0        9
  SINCE JAN 1      0                         0      0        9
..................................................................


WIND (MPH)
  HIGHEST WIND SPEED    22   HIGHEST WIND DIRECTION    NW (300)
  HIGHEST GUST SPEED    30   HIGHEST GUST DIRECTION     W (290)
  AVERAGE WIND SPEED    10.9


SKY COVER
  POSSIBLE SUNSHINE  MM
  AVERAGE SKY COVER 0.7


WEATHER CONDITIONS
 THE FOLLOWING WEATHER WAS RECORDED TODAY.
  LIGHT RAIN
  FOG
  FOG W/VISIBILITY <= 1/4 MILE


RELATIVE HUMIDITY (PERCENT)
 HIGHEST   100           200 AM
 LOWEST     37           300 PM
 AVERAGE    69

..........................................................


THE HARTFORD CT CLIMATE NORMALS FOR TOMORROW
                         NORMAL    RECORD    YEAR
 MAXIMUM TEMPERATURE (F)   65        94      1962
 MINIMUM TEMPERATURE (F)   42        30      2002
                                             1987
                                             1963


SUNRISE AND SUNSET
APRIL 26 2018.........SUNRISE   554 AM EDT   SUNSET   744 PM EDT
APRIL 27 2018.........SUNRISE   552 AM EDT   SUNSET   745 PM EDT


-  INDICATES NEGATIVE NUMBERS.
R  INDICATES RECORD WAS SET OR TIED.
MM INDICATES DATA IS MISSING.
T  INDICATES TRACE AMOUNT.




$$
