000
CDAK48 PAFC 231251
CLIBET


CLIMATE REPORT
NATIONAL WEATHER SERVICE ANCHORAGE, AK
451 AM AKDT MON APR 23 2018


...................................

...THE BETHEL CLIMATE SUMMARY FOR APRIL 22 2018...

CLIMATE NORMAL PERIOD 1981 TO 2010
CLIMATE RECORD PERIOD 1948 TO 2018


WEATHER ITEM   OBSERVED TIME   RECORD YEAR NORMAL DEPARTURE LAST
                VALUE   (LST)  VALUE       VALUE  FROM      YEAR
                                                  NORMAL
..................................................................
TEMPERATURE (F)
 YESTERDAY
  MAXIMUM         52    208 PM  57    2016  38     14       54
  MINIMUM         32   1159 PM  -4    1966  23      9       30
  AVERAGE         42                        31     11       42

PRECIPITATION (IN)
  YESTERDAY        T             0.57 1983   0.03  -0.03     0.00
  MONTH TO DATE    0.46                      0.52  -0.06     0.11
  SINCE MAR 1      0.97                      1.23  -0.26     0.41
  SINCE JAN 1      2.74                      2.73   0.01     2.30

SNOWFALL (IN)
  YESTERDAY        T             2.5  1983   0.2   -0.2      0.0
  MONTH TO DATE    0.6                       4.7   -4.1      0.9
  SINCE MAR 1      5.7                      12.9   -7.2      3.8
  SINCE JUL 1     35.3                      58.7  -23.4     31.2
  SNOW DEPTH       T

DEGREE DAYS
 HEATING
  YESTERDAY       23                        34    -11       23
  MONTH TO DATE  731                       886   -155      679
  SINCE MAR 1   2041                      2430   -389     2504
  SINCE JUL 1   9294                     11168  -1874    10764

 COOLING
  YESTERDAY        0                         0      0        0
  MONTH TO DATE    0                         0      0        0
  SINCE MAR 1      0                         0      0        0
  SINCE JAN 1      0                         0      0        0
..................................................................


WIND (MPH)
  RESULTANT WIND SPEED  15   RESULTANT WIND DIRECTION   E (70)
  HIGHEST WIND SPEED    26   HIGHEST WIND DIRECTION     E (80)
  HIGHEST GUST SPEED    35   HIGHEST GUST DIRECTION     E (90)
  AVERAGE WIND SPEED    16.3



WEATHER CONDITIONS
 THE FOLLOWING WEATHER WAS RECORDED YESTERDAY.
  LIGHT RAIN
  LIGHT SNOW
  FOG


RELATIVE HUMIDITY (PERCENT)
 HIGHEST    82
 LOWEST     42
 AVERAGE    62

..........................................................


THE BETHEL CLIMATE NORMALS FOR TODAY
                         NORMAL    RECORD    YEAR
 MAXIMUM TEMPERATURE (F)   39        62      2016
 MINIMUM TEMPERATURE (F)   23        -7      1955


SUNRISE AND SUNSET
APRIL 23 2018.........SUNRISE   703 AM AKDT  SUNSET  1029 PM AKDT
APRIL 24 2018.........SUNRISE   700 AM AKDT  SUNSET  1032 PM AKDT


-  INDICATES NEGATIVE NUMBERS.
R  INDICATES RECORD WAS SET OR TIED.
MM INDICATES DATA IS MISSING.
T  INDICATES TRACE AMOUNT.




$$
