000
CDUS46 KHNX 250824
CLIBFL


CLIMATE REPORT
NATIONAL WEATHER SERVICE SAN JOAQUIN VALLEY, CA
123 AM PDT FRI MAY 25 2018


...................................

...THE BAKERSFIELD CLIMATE SUMMARY FOR MAY 24 2018...

CLIMATE NORMAL PERIOD 1981 TO 2010
CLIMATE RECORD PERIOD 1889 TO 2018


WEATHER ITEM   OBSERVED TIME   RECORD YEAR NORMAL DEPARTURE
                VALUE   (LST)  VALUE       VALUE  FROM
                                                  NORMAL
...............................................................
TEMPERATURE (F)
 YESTERDAY
  MAXIMUM         83    352 PM 107    1982  86     -3
  MINIMUM         59    516 AM  41    1916  59      0
  AVERAGE         71                        72     -1

PRECIPITATION (IN)
  YESTERDAY        0.00          0.03 1980   0.00   0.00
                                      1931
  MONTH TO DATE    T                         0.15  -0.15
  SINCE OCT 1      3.93                      6.24  -2.31
  SINCE JAN 1      3.86                      4.28  -0.42

SNOWFALL (IN)
  YESTERDAY        0.0
  MONTH TO DATE    0.0
  SINCE MAR 1      0.0
  SINCE JUL 1      0.0
  SNOW DEPTH       0

DEGREE DAYS
 HEATING
  YESTERDAY        0                               -1
  MONTH TO DATE    2                              -28
  SINCE MAR 1    257                             -141
  SINCE JUL 1   1535                             -637

 COOLING
  YESTERDAY        6                               -2
  MONTH TO DATE  173                               31
  SINCE MAR 1    300                               92
  SINCE JAN 1    300                               92
...............................................................


WIND (MPH)
  HIGHEST WIND SPEED    24   HIGHEST WIND DIRECTION    NW (320)
  HIGHEST GUST SPEED    27   HIGHEST GUST DIRECTION    NW (320)
  AVERAGE WIND SPEED    11.3




RELATIVE HUMIDITY (PERCENT)
 HIGHEST    64
 LOWEST     34
 AVERAGE    49

..........................................................


THE BAKERSFIELD CLIMATE NORMALS FOR TODAY
                         NORMAL    RECORD    YEAR
 MAXIMUM TEMPERATURE (F)   86       106      1982
 MINIMUM TEMPERATURE (F)   59        39      1893


SUNRISE AND SUNSET
MAY 25 2018...........SUNRISE   545 AM PDT   SUNSET   801 PM PDT
MAY 26 2018...........SUNRISE   545 AM PDT   SUNSET   802 PM PDT


-  INDICATES NEGATIVE NUMBERS.
R  INDICATES RECORD WAS SET OR TIED.
MM INDICATES DATA IS MISSING.
T  INDICATES TRACE AMOUNT.




$$
