000
CDUS44 KBMX 270736
CLIBHM


CLIMATE REPORT
NATIONAL WEATHER SERVICE BIRMINGHAM, AL
236 AM CDT SUN MAY 27 2018


...................................

...THE BIRMINGHAM CLIMATE SUMMARY FOR MAY 26 2018...

CLIMATE NORMAL PERIOD 1981 TO 2010
CLIMATE RECORD PERIOD 1895 TO 2018


WEATHER ITEM   OBSERVED TIME   RECORD YEAR NORMAL DEPARTURE LAST
                VALUE   (LST)  VALUE       VALUE  FROM      YEAR
                                                  NORMAL
..................................................................
TEMPERATURE (F)
 YESTERDAY
  MAXIMUM         85    354 PM  97    1962  84      1       87
  MINIMUM         70   1042 PM  41    1979  63      7       56
  AVERAGE         78                        73      5       72

PRECIPITATION (IN)
  YESTERDAY        0.08          2.07 1974   0.15  -0.07     0.00
  MONTH TO DATE    4.21                      4.22  -0.01     6.43
  SINCE MAR 1     16.59                     13.83   2.76    17.76
  SINCE JAN 1     26.08                     23.20   2.88    27.42

DEGREE DAYS
 COOLING
  YESTERDAY       13                         8      5        7
  MONTH TO DATE  275                       153    122      166
  SINCE MAR 1    319                       233     86      390
  SINCE JAN 1    365                       237    128      405
..................................................................


WIND (MPH)
  HIGHEST WIND SPEED    15   HIGHEST WIND DIRECTION    SE (140)
  HIGHEST GUST SPEED    22   HIGHEST GUST DIRECTION    SE (120)
  AVERAGE WIND SPEED     3.7


SKY COVER
  AVERAGE SKY COVER 0.8


WEATHER CONDITIONS
 THE FOLLOWING WEATHER WAS RECORDED YESTERDAY.
  THUNDERSTORM
  LIGHT RAIN
  FOG


RELATIVE HUMIDITY (PERCENT)
 HIGHEST   100          1200 AM
 LOWEST     55           200 PM
 AVERAGE    78

..........................................................


THE BIRMINGHAM CLIMATE NORMALS FOR TODAY
                         NORMAL    RECORD    YEAR
 MAXIMUM TEMPERATURE (F)   84        98      1962
 MINIMUM TEMPERATURE (F)   63        42      1961


SUNRISE AND SUNSET
MAY 27 2018...........SUNRISE   540 AM CDT   SUNSET   749 PM CDT
MAY 28 2018...........SUNRISE   539 AM CDT   SUNSET   750 PM CDT


-  INDICATES NEGATIVE NUMBERS.
R  INDICATES RECORD WAS SET OR TIED.
MM INDICATES DATA IS MISSING.
T  INDICATES TRACE AMOUNT.




$$
