000
CDUS43 KGRR 240520
CLIBIV


CLIMATE REPORT
NATIONAL WEATHER SERVICE GRAND RAPIDS, MI
120 AM EDT TUE APR 24 2018


...................................

...THE HOLLAND/TULIP CITY MI CLIMATE SUMMARY FOR APRIL 23 2018...

CLIMATE NORMAL PERIOD 1981 TO 2010
CLIMATE RECORD PERIOD 1996 TO 2018


WEATHER ITEM   OBSERVED TIME   NORMAL DEPARTURE LAST
                VALUE   (LST)  VALUE  FROM      YEAR
                                      NORMAL
......................................................
TEMPERATURE (F)
 YESTERDAY
  MAXIMUM         74    536 PM  61     13       65
  MINIMUM         37    221 AM  41     -4       32
  AVERAGE         56            51      5       49

PRECIPITATION (IN)
  YESTERDAY        0.00          0.11  -0.11     0.00
  MONTH TO DATE    2.75          2.28   0.47     4.19
  SINCE MAR 1      3.58          4.55  -0.97     7.30
  SINCE JAN 1      9.20          8.44   0.76    11.96

DEGREE DAYS
 HEATING
  YESTERDAY        9            14     -5       16
  MONTH TO DATE  636           416    220      341
  SINCE MAR 1   1567          1290    277     1224
  SINCE JUL 1   6074          5790    284     5086

 COOLING
  YESTERDAY        0             0      0        0
  MONTH TO DATE    0             0      0        2
  SINCE MAR 1      0             0      0        2
  SINCE JAN 1      0             0      0        2
......................................................


WIND (MPH)
  RESULTANT WIND SPEED   6   RESULTANT WIND DIRECTION   E (90)
  HIGHEST WIND SPEED    18   HIGHEST WIND DIRECTION     S (180)
  HIGHEST GUST SPEED    24   HIGHEST GUST DIRECTION     S (200)
  AVERAGE WIND SPEED     8.0


SKY COVER
  AVERAGE SKY COVER 0.1


WEATHER CONDITIONS
 THE FOLLOWING WEATHER WAS RECORDED YESTERDAY.
  NO SIGNIFICANT WEATHER WAS OBSERVED.


RELATIVE HUMIDITY (PERCENT)
 HIGHEST    67          1100 PM
 LOWEST     29           400 PM
 AVERAGE    48

..........................................................


THE HOLLAND/TULIP CITY MI CLIMATE NORMALS FOR TODAY
                         NORMAL
 MAXIMUM TEMPERATURE (F)   62
 MINIMUM TEMPERATURE (F)   42


SUNRISE AND SUNSET
APRIL 24 2018.........SUNRISE   649 AM EDT   SUNSET   837 PM EDT
APRIL 25 2018.........SUNRISE   647 AM EDT   SUNSET   838 PM EDT


-  INDICATES NEGATIVE NUMBERS.
R  INDICATES RECORD WAS SET OR TIED.
MM INDICATES DATA IS MISSING.
T  INDICATES TRACE AMOUNT.




$$
