000
CDUS41 KRLX 232135
CLIBKW


CLIMATE REPORT
NATIONAL WEATHER SERVICE CHARLESTON WV
535 PM EDT MON APR 23 2018


...................................

...THE BECKLEY WV CLIMATE SUMMARY FOR APRIL 23 2018...
VALID TODAY AS OF 0500 PM LOCAL TIME.

CLIMATE NORMAL PERIOD 1981 TO 2010
CLIMATE RECORD PERIOD 1963 TO 2018


WEATHER ITEM   OBSERVED TIME   RECORD YEAR NORMAL DEPARTURE LAST
                VALUE   (LST)  VALUE       VALUE  FROM      YEAR
                                                  NORMAL
..................................................................
TEMPERATURE (F)
 TODAY
  MAXIMUM         54   1231 AM  86    1960  65    -11       49
  MINIMUM         49    359 PM  23    1936  44      5       45
  AVERAGE         52                        54     -2       47

PRECIPITATION (IN)
  TODAY            0.14          1.67 1987   0.11   0.03     0.27
  MONTH TO DATE    3.59                      2.52   1.07     3.00
  SINCE MAR 1      7.53                      6.09   1.44     7.17
  SINCE JAN 1     16.83                     11.66   5.17    13.54

DEGREE DAYS
 HEATING
  TODAY           13                        11      2       18
  MONTH TO DATE  391                       325     66      199
  SINCE MAR 1   1248                      1037    211      893
  SINCE JUL 1   4938                      5038   -100     4027

 COOLING
  TODAY            0                         0      0        0
  MONTH TO DATE   10                         0     10        9
  SINCE MAR 1     11                         1     10        9
  SINCE JAN 1     12                         1     11        9
..................................................................


WIND (MPH)
  HIGHEST WIND SPEED    26   HIGHEST WIND DIRECTION    SE (120)
  HIGHEST GUST SPEED    40   HIGHEST GUST DIRECTION     E (110)
  AVERAGE WIND SPEED    14.9


SKY COVER
  POSSIBLE SUNSHINE  MM
  AVERAGE SKY COVER 0.5


WEATHER CONDITIONS
 THE FOLLOWING WEATHER WAS RECORDED TODAY.
  RAIN
  LIGHT RAIN
  FOG


RELATIVE HUMIDITY (PERCENT)
 HIGHEST    86           400 PM
 LOWEST     59          1200 AM
 AVERAGE    73

..........................................................


THE BECKLEY WV CLIMATE NORMALS FOR TOMORROW
                         NORMAL    RECORD    YEAR
 MAXIMUM TEMPERATURE (F)   66        87      1925
 MINIMUM TEMPERATURE (F)   44        24      1927
                                             1911


SUNRISE AND SUNSET
APRIL 23 2018.........SUNRISE   639 AM EDT   SUNSET   808 PM EDT
APRIL 24 2018.........SUNRISE   637 AM EDT   SUNSET   808 PM EDT


-  INDICATES NEGATIVE NUMBERS.
R  INDICATES RECORD WAS SET OR TIED.
MM INDICATES DATA IS MISSING.
T  INDICATES TRACE AMOUNT.




$$
