673
CDUS41 KRNK 210757
CLIBLF


CLIMATE REPORT
NATIONAL WEATHER SERVICE BLACKSBURG VA
355 AM EDT MON MAY 21 2018


...................................

...THE BLUEFIELD WV CLIMATE SUMMARY FOR MAY 20 2018...

CLIMATE NORMAL PERIOD 1981 TO 2010
CLIMATE RECORD PERIOD 1959 TO 2018


WEATHER ITEM   OBSERVED TIME   RECORD YEAR NORMAL DEPARTURE LAST
                VALUE   (LST)  VALUE       VALUE  FROM      YEAR
                                                  NORMAL
..................................................................
TEMPERATURE (F)
 YESTERDAY
  MAXIMUM         78    445 PM  87    1996  73      5       81
  MINIMUM         60    533 AM  32    2002  54      6       57
  AVERAGE         69                        64      5       69

PRECIPITATION (IN)
  YESTERDAY        0.00          0.78 1980   0.14  -0.14     0.52
  MONTH TO DATE    4.29                      2.68   1.61     3.94
  SINCE MAR 1     12.37                      9.53   2.84    12.15
  SINCE JAN 1     19.05                     15.19   3.86    17.96

SNOWFALL (IN)
  YESTERDAY        0.0                                       0.0
  MONTH TO DATE    0.0                                       0.0
  SINCE MAR 1     33.8                                       3.3
  SINCE JUL 1     48.5                                      20.5
  SNOW DEPTH       0

DEGREE DAYS
 HEATING
  YESTERDAY        0                         4     -4        0
  MONTH TO DATE   38                       104    -66      142
  SINCE MAR 1   1391                      1041    350     1084
  SINCE JUL 1   5121                      4534    587     4216

 COOLING
  YESTERDAY        4                         2      2        4
  MONTH TO DATE   48                        31     17       28
  SINCE MAR 1     52                        59     -7       50
  SINCE JAN 1     54                        59     -5       50
..................................................................


WIND (MPH)
  HIGHEST WIND SPEED    13   HIGHEST WIND DIRECTION     W (260)
  HIGHEST GUST SPEED    26   HIGHEST GUST DIRECTION    SW (230)
  AVERAGE WIND SPEED     5.3


SKY COVER
  AVERAGE SKY COVER 0.3


WEATHER CONDITIONS
 THE FOLLOWING WEATHER WAS RECORDED YESTERDAY.
  NO SIGNIFICANT WEATHER WAS OBSERVED.


RELATIVE HUMIDITY (PERCENT)
 HIGHEST   100           100 AM
 LOWEST     54           300 PM
 AVERAGE    77

..........................................................


THE BLUEFIELD WV CLIMATE NORMALS FOR TODAY
                         NORMAL    RECORD    YEAR
 MAXIMUM TEMPERATURE (F)   73        85      2013
 MINIMUM TEMPERATURE (F)   54        33      2002


SUNRISE AND SUNSET
MAY 21 2018...........SUNRISE   612 AM EDT   SUNSET   832 PM EDT
MAY 22 2018...........SUNRISE   611 AM EDT   SUNSET   832 PM EDT


-  INDICATES NEGATIVE NUMBERS.
R  INDICATES RECORD WAS SET OR TIED.
MM INDICATES DATA IS MISSING.
T  INDICATES TRACE AMOUNT.




$$
