905
CDUS46 KSEW 240829
CLIBLI


CLIMATE REPORT
NATIONAL WEATHER SERVICE SEATTLE WA
129 AM PDT TUE APR 24 2018


...................................

...THE BELLINGHAM WA AIRPORT CLIMATE SUMMARY FOR APRIL 23 2018...

CLIMATE NORMAL PERIOD 1981 TO 2010
CLIMATE RECORD PERIOD 1949 TO 2018


WEATHER ITEM   OBSERVED TIME   RECORD YEAR NORMAL DEPARTURE LAST
                VALUE   (LST)  VALUE       VALUE  FROM      YEAR
                                                  NORMAL
..................................................................
TEMPERATURE (F)
 YESTERDAY
  MAXIMUM         66    431 PM  76    2005  58      8       57
  MINIMUM         34    337 AM  30    1951  41     -7       48
  AVERAGE         50                        49      1       53

PRECIPITATION (IN)
  YESTERDAY        0.00          1.00 1957   0.08  -0.08      T
  MONTH TO DATE    3.05                      2.14   0.91     2.69
  SINCE OCT 1     33.14                     26.75   6.39    33.67
  SINCE JAN 1     15.52                     13.05   2.47    14.55

DEGREE DAYS
 HEATING
  YESTERDAY       15                        16     -1       12
  MONTH TO DATE  385                       393     -8      329
  SINCE MAR 1   1048                      1036     12      935

 COOLING
  YESTERDAY        0                         0      0        0
  MONTH TO DATE    0                         0      0        0
  SINCE MAR 1      0                         0      0        0
  SINCE JAN 1      0                         0      0        0
..................................................................


WIND (MPH)
  RESULTANT WIND SPEED   1   RESULTANT WIND DIRECTION  NW (300)
  HIGHEST WIND SPEED    12   HIGHEST WIND DIRECTION     W (260)
  HIGHEST GUST SPEED    16   HIGHEST GUST DIRECTION     N (10)
  AVERAGE WIND SPEED     3.3


SKY COVER
  AVERAGE SKY COVER 0.0


WEATHER CONDITIONS
 THE FOLLOWING WEATHER WAS RECORDED YESTERDAY.
  NO SIGNIFICANT WEATHER WAS OBSERVED.


RELATIVE HUMIDITY (PERCENT)
 HIGHEST    93          1200 AM
 LOWEST     29          1200 PM
 AVERAGE    61

..........................................................


THE BELLINGHAM WA AIRPORT CLIMATE NORMALS FOR TODAY
                         NORMAL    RECORD    YEAR
 MAXIMUM TEMPERATURE (F)   58        73      1989
 MINIMUM TEMPERATURE (F)   41        30      2002
                                             1951


SUNRISE AND SUNSET
APRIL 24 2018.........SUNRISE   602 AM PDT   SUNSET   815 PM PDT
APRIL 25 2018.........SUNRISE   600 AM PDT   SUNSET   817 PM PDT


-  INDICATES NEGATIVE NUMBERS.
R  INDICATES RECORD WAS SET OR TIED.
MM INDICATES DATA IS MISSING.
T  INDICATES TRACE AMOUNT.




$$
