590
CDUS45 KBOI 190939
CLIBNO


CLIMATE REPORT
NATIONAL WEATHER SERVICE BOISE ID
338 AM MDT THU APR 19 2018


...................................

...THE BURNS OR CLIMATE SUMMARY FOR APRIL 18 2018...

CLIMATE NORMAL PERIOD 1981 TO 2010
CLIMATE RECORD PERIOD 1938 TO 2018


WEATHER ITEM   OBSERVED TIME   RECORD YEAR NORMAL DEPARTURE LAST
                VALUE   (LST)  VALUE       VALUE  FROM      YEAR
                                                  NORMAL
..................................................................
TEMPERATURE (F)
 YESTERDAY
  MAXIMUM         52    141 PM  79    1994  58     -6       57
  MINIMUM         26   1236 AM  17    1972  29     -3       29
  AVERAGE         39                        43     -4       43

PRECIPITATION (IN)
  YESTERDAY        0.02          0.38 1965   0.03  -0.01      T
  MONTH TO DATE    0.53                      0.56  -0.03     0.71
  SINCE OCT 1      5.93                      7.36  -1.43    10.92
  SINCE JAN 1      3.27                      3.86  -0.59     7.41

DEGREE DAYS
 HEATING
  YESTERDAY       26                        22      4       22
  MONTH TO DATE  423                       416      7      424
  SINCE MAR 1   1301                      1273     28     1219
  SINCE JUL 1   6574                      6801   -227     7093

 COOLING
  YESTERDAY        0                         0      0        0
  MONTH TO DATE    0                         0      0        0
  SINCE MAR 1      0                         0      0        0
  SINCE JAN 1      0                         0      0        0
..................................................................


WIND (MPH)
  HIGHEST WIND SPEED    20   HIGHEST WIND DIRECTION    NE (50)
  HIGHEST GUST SPEED    30   HIGHEST GUST DIRECTION    SE (130)
  AVERAGE WIND SPEED     8.5


SKY COVER
  POSSIBLE SUNSHINE  MM
  AVERAGE SKY COVER 0.7


WEATHER CONDITIONS
 THE FOLLOWING WEATHER WAS RECORDED YESTERDAY.
  LIGHT RAIN


RELATIVE HUMIDITY (PERCENT)
 HIGHEST   100          1000 PM
 LOWEST     29           200 PM
 AVERAGE    65

..........................................................


THE BURNS OR CLIMATE NORMALS FOR TODAY
                         NORMAL    RECORD    YEAR
 MAXIMUM TEMPERATURE (F)   58        77      2016
 MINIMUM TEMPERATURE (F)   29        14      1955


SUNRISE AND SUNSET
APRIL 19 2018.........SUNRISE   606 AM PDT   SUNSET   744 PM PDT
APRIL 20 2018.........SUNRISE   605 AM PDT   SUNSET   745 PM PDT


-  INDICATES NEGATIVE NUMBERS.
R  INDICATES RECORD WAS SET OR TIED.
MM INDICATES DATA IS MISSING.
T  INDICATES TRACE AMOUNT.




$$
