000
CDUS45 KRIW 200731
CLIBPI


CLIMATE REPORT
NATIONAL WEATHER SERVICE RIVERTON WY
129 AM MDT FRI APR 20 2018


...................................

...THE BIG PINEY WY CLIMATE SUMMARY FOR APRIL 19 2018...

CLIMATE NORMAL PERIOD 1981 TO 2010
CLIMATE RECORD PERIOD 1976 TO 2018


WEATHER ITEM   OBSERVED TIME   RECORD YEAR NORMAL DEPARTURE LAST
                VALUE   (LST)  VALUE       VALUE  FROM      YEAR
                                                  NORMAL
..................................................................
TEMPERATURE (F)
 YESTERDAY
  MAXIMUM         58    428 PM  70    1994  54      4       51
  MINIMUM         25    543 AM  12    2006  23      2       26
                                      1996
                                      1991
  AVERAGE         42                        38      4       39

PRECIPITATION (IN)
  YESTERDAY        0.00          0.38 2016   0.02  -0.02     0.00
  MONTH TO DATE    0.14                      0.30  -0.16     0.83
  SINCE MAR 1      0.41                      0.74  -0.33     2.28
  SINCE JAN 1      0.46                      1.40  -0.94     4.02

DEGREE DAYS
 HEATING
  YESTERDAY       23                        27     -4       26
  MONTH TO DATE  586                       557     29      534
  SINCE MAR 1   1711                      1729    -18     1645
  SINCE JUL 1   8208                      9252  -1044     9075

 COOLING
  YESTERDAY        0                         0      0        0
  MONTH TO DATE    0                         0      0        0
  SINCE MAR 1      0                         0      0        0
  SINCE JAN 1      0                         0      0        0
..................................................................


WIND (MPH)
  HIGHEST WIND SPEED    28   HIGHEST WIND DIRECTION    SE (140)
  HIGHEST GUST SPEED    34   HIGHEST GUST DIRECTION    SE (140)
  AVERAGE WIND SPEED     9.4


SKY COVER
  POSSIBLE SUNSHINE  MM
  AVERAGE SKY COVER 0.2


WEATHER CONDITIONS
 THE FOLLOWING WEATHER WAS RECORDED YESTERDAY.
  NO SIGNIFICANT WEATHER WAS OBSERVED.


RELATIVE HUMIDITY (PERCENT)
 HIGHEST    55           600 AM
 LOWEST     11           600 PM
 AVERAGE    33

..........................................................


THE BIG PINEY WY CLIMATE NORMALS FOR TODAY
                         NORMAL    RECORD    YEAR
 MAXIMUM TEMPERATURE (F)   54        72      1994
 MINIMUM TEMPERATURE (F)   23        11      2008


SUNRISE AND SUNSET
APRIL 20 2018.........SUNRISE   631 AM MDT   SUNSET   808 PM MDT
APRIL 21 2018.........SUNRISE   630 AM MDT   SUNSET   809 PM MDT


-  INDICATES NEGATIVE NUMBERS.
R  INDICATES RECORD WAS SET OR TIED.
MM INDICATES DATA IS MISSING.
T  INDICATES TRACE AMOUNT.




$$
