000
CDUS44 KLCH 231245
CLIBPT


CLIMATE REPORT
NATIONAL WEATHER SERVICE LAKE CHARLES, LA
745 AM CDT MON APR 23 2018


...................................

...THE BEAUMONT PORT ARTHUR CLIMATE SUMMARY FOR APRIL 22 2018...

CLIMATE NORMAL PERIOD 1981 TO 2010
CLIMATE RECORD PERIOD 1901 TO 2018


WEATHER ITEM   OBSERVED TIME   RECORD YEAR NORMAL DEPARTURE LAST
                VALUE   (LST)  VALUE       VALUE  FROM      YEAR
                                                  NORMAL
..................................................................
TEMPERATURE (F)
 YESTERDAY
  MAXIMUM         69    435 PM  89    2017  79    -10       89
                                      2006
  MINIMUM         55   1159 PM  43    1931  61     -6       61
  AVERAGE         62                        70     -8       75

PRECIPITATION (IN)
  YESTERDAY        1.06          2.11 1974   0.12   0.94     0.01
  MONTH TO DATE    3.09                      2.23   0.86     1.50
  SINCE MAR 1      4.81                      5.76  -0.95    10.36
  SINCE JAN 1     18.74                     14.60   4.14    12.41

SNOWFALL (IN)
  YESTERDAY        0.0           0.0    MM   0.0    0.0      0.0
  MONTH TO DATE    0.0                       0.0    0.0      0.0
  SINCE MAR 1      0.0                       0.0    0.0      0.0
  SINCE JUL 1      3.1                       T      3.1      0.0
  SNOW DEPTH       0

DEGREE DAYS
 HEATING
  YESTERDAY        3                         1      2        0
  MONTH TO DATE   62                        37     25        4
  SINCE MAR 1    137                       185    -48       58
  SINCE JUL 1   1252                      1398   -146      613

 COOLING
  YESTERDAY        0                         6     -6       10
  MONTH TO DATE   63                        93    -30      178
  SINCE MAR 1    171                       148     23      331
  SINCE JAN 1    276                       174    102      525
..................................................................


WIND (MPH)
  HIGHEST WIND SPEED    20   HIGHEST WIND DIRECTION    SE (130)
  HIGHEST GUST SPEED    25   HIGHEST GUST DIRECTION    SE (130)
  AVERAGE WIND SPEED     9.6


SKY COVER
  POSSIBLE SUNSHINE  MM
  AVERAGE SKY COVER 0.5


WEATHER CONDITIONS
 THE FOLLOWING WEATHER WAS RECORDED YESTERDAY.
  THUNDERSTORM
  HEAVY RAIN
  RAIN
  LIGHT RAIN
  FOG


RELATIVE HUMIDITY (PERCENT)
 HIGHEST   100           200 AM
 LOWEST     59           400 PM
 AVERAGE    80

..........................................................


THE BEAUMONT PORT ARTHUR CLIMATE NORMALS FOR TODAY
                         NORMAL    RECORD    YEAR
 MAXIMUM TEMPERATURE (F)   80        91      1919
 MINIMUM TEMPERATURE (F)   61        45      1927


SUNRISE AND SUNSET
APRIL 23 2018.........SUNRISE   641 AM CDT   SUNSET   748 PM CDT
APRIL 24 2018.........SUNRISE   640 AM CDT   SUNSET   749 PM CDT


-  INDICATES NEGATIVE NUMBERS.
R  INDICATES RECORD WAS SET OR TIED.
MM INDICATES DATA IS MISSING.
T  INDICATES TRACE AMOUNT.




$$
