000
CDUS44 KBRO 232131
CLIBRO


CLIMATE REPORT
NATIONAL WEATHER SERVICE BROWNSVILLE TX
430 PM CDT MON APR 23 2018


...................................

...THE BROWNSVILLE CLIMATE SUMMARY FOR APRIL 23 2018...
VALID TODAY AS OF 0400 PM LOCAL TIME.

CLIMATE NORMAL PERIOD 1981 TO 2010
CLIMATE RECORD PERIOD 1878 TO 2018


WEATHER ITEM   OBSERVED TIME   RECORD YEAR NORMAL DEPARTURE LAST
                VALUE   (LST)  VALUE       VALUE  FROM      YEAR
                                                  NORMAL
..................................................................
TEMPERATURE (F)
 TODAY
  MAXIMUM         86    147 PM  94    1958  85      1       79
  MINIMUM         66    240 AM  50    1884  68     -2       61
  AVERAGE         76                        76      0       70

PRECIPITATION (IN)
  TODAY            0.00          3.69 1956   0.05  -0.05     0.14
  MONTH TO DATE    0.94                      1.19  -0.25     0.63
  SINCE MAR 1      1.43                      2.42  -0.99     2.47
  SINCE JAN 1      3.66                      4.77  -1.11     4.01

SNOWFALL (IN)
  TODAY            0.0
  MONTH TO DATE    0.0
  SINCE MAR 1      0.0
  SINCE JUL 1      0.3
  SNOW DEPTH       0

DEGREE DAYS
 HEATING
  TODAY            0                         0      0        0
  MONTH TO DATE    3                         6     -3        0
  SINCE MAR 1      3                        49    -46        2
  SINCE JUL 1    485                       552    -67      201

 COOLING
  TODAY           11                        11      0        5
  MONTH TO DATE  236                       218     18      298
  SINCE MAR 1    543                       392    151      592
  SINCE JAN 1    808                       533    275      979
..................................................................


WIND (MPH)
  HIGHEST WIND SPEED    20   HIGHEST WIND DIRECTION    NE (50)
  HIGHEST GUST SPEED    24   HIGHEST GUST DIRECTION    NE (50)
  AVERAGE WIND SPEED     8.5


SKY COVER
  POSSIBLE SUNSHINE  MM
  AVERAGE SKY COVER 0.4


WEATHER CONDITIONS
 THE FOLLOWING WEATHER WAS RECORDED TODAY.
  NO SIGNIFICANT WEATHER WAS OBSERVED.


RELATIVE HUMIDITY (PERCENT)
 HIGHEST    93           300 AM
 LOWEST     40           100 PM
 AVERAGE    67

..........................................................


THE BROWNSVILLE CLIMATE NORMALS FOR TOMORROW
                         NORMAL    RECORD    YEAR
 MAXIMUM TEMPERATURE (F)   85        96      2003
                                             1953
 MINIMUM TEMPERATURE (F)   68        52      2013


SUNRISE AND SUNSET
APRIL 23 2018.........SUNRISE   659 AM CDT   SUNSET   757 PM CDT
APRIL 24 2018.........SUNRISE   658 AM CDT   SUNSET   758 PM CDT


-  INDICATES NEGATIVE NUMBERS.
R  INDICATES RECORD WAS SET OR TIED.
MM INDICATES DATA IS MISSING.
T  INDICATES TRACE AMOUNT.




$$
