000
CDUS45 KMSO 250738
CLIBTM


CLIMATE REPORT
NATIONAL WEATHER SERVICE MISSOULA, MT
137 AM MDT FRI MAY 25 2018


...................................

...THE BUTTE MT CLIMATE SUMMARY FOR MAY 24 2018...

CLIMATE NORMAL PERIOD 1981 TO 2010
CLIMATE RECORD PERIOD 1895 TO 2018


WEATHER ITEM   OBSERVED TIME   RECORD YEAR NORMAL DEPARTURE LAST
                VALUE   (LST)  VALUE       VALUE  FROM      YEAR
                                                  NORMAL
..................................................................
TEMPERATURE (F)
 YESTERDAY
  MAXIMUM         71    323 PM  84    1928  63      8       62
  MINIMUM         45    523 AM  20    1918  36      9       40
  AVERAGE         58                        50      8       51

PRECIPITATION (IN)
  YESTERDAY        0.01          1.20 1953   0.08  -0.07     0.00
  MONTH TO DATE    2.04                      1.47   0.57     1.54
  SINCE OCT 1      7.00                      6.19   0.81     8.50
  SINCE JAN 1      5.56                      4.30   1.26     5.28

SNOWFALL (IN)
  YESTERDAY       MM
  MONTH TO DATE   MM
  SINCE JAN 1     MM
  SINCE JUL 1     MM
  SNOW DEPTH      MM

DEGREE DAYS
 HEATING
  YESTERDAY        7                        15     -8       14
  MONTH TO DATE  333                       442   -109      422
  SINCE MAR 1   2183                      2264    -81     2020
  SINCE JUL 1   8671                      8833   -162     8804

 COOLING
  YESTERDAY        0                         0      0        0
  MONTH TO DATE    0                         0      0        0
  SINCE MAR 1      0                         0      0        0
  SINCE JAN 1      0                         0      0        0
..................................................................


WIND (MPH)
  HIGHEST WIND SPEED    20   HIGHEST WIND DIRECTION    NW (330)
  HIGHEST GUST SPEED    26   HIGHEST GUST DIRECTION    NW (330)
  AVERAGE WIND SPEED     5.8


SKY COVER
  POSSIBLE SUNSHINE  MM
  AVERAGE SKY COVER 0.5


WEATHER CONDITIONS
 THE FOLLOWING WEATHER WAS RECORDED YESTERDAY.
  LIGHT RAIN


RELATIVE HUMIDITY (PERCENT)
 HIGHEST    86           300 AM
 LOWEST     35           300 PM
 AVERAGE    61

..........................................................


THE BUTTE MT CLIMATE NORMALS FOR TODAY
                         NORMAL    RECORD    YEAR
 MAXIMUM TEMPERATURE (F)   64        85      1934
 MINIMUM TEMPERATURE (F)   37        20      1950


SUNRISE AND SUNSET
MAY 25 2018...........SUNRISE   548 AM MDT   SUNSET   907 PM MDT
MAY 26 2018...........SUNRISE   547 AM MDT   SUNSET   908 PM MDT


-  INDICATES NEGATIVE NUMBERS.
R  INDICATES RECORD WAS SET OR TIED.
MM INDICATES DATA IS MISSING.
T  INDICATES TRACE AMOUNT.




$$
