000
CDUS41 KBTV 260541
CLIBTV


CLIMATE REPORT
NATIONAL WEATHER SERVICE BURLINGTON VT
136 AM EDT SAT MAY 26 2018


...................................

...THE BURLINGTON VT CLIMATE SUMMARY FOR MAY 25 2018...

CLIMATE NORMAL PERIOD 1981 TO 2010
CLIMATE RECORD PERIOD 1884 TO 2018


WEATHER ITEM   OBSERVED TIME   RECORD YEAR NORMAL DEPARTURE LAST
                VALUE   (LST)  VALUE       VALUE  FROM      YEAR
                                                  NORMAL
..................................................................
TEMPERATURE (F)
 YESTERDAY
  MAXIMUM         83   1028 AM  91    2010  70     13       66
                                      1946
  MINIMUM         63    425 AM  28    1956  48     15       55
  AVERAGE         73                        59     14       61

PRECIPITATION (IN)
  YESTERDAY        0.07          1.25 1897   0.12  -0.05     0.18
  MONTH TO DATE    1.84                      2.72  -0.88     3.27
  SINCE MAR 1      9.31                      7.76   1.55    10.37
  SINCE JAN 1     13.25                     11.58   1.67    15.04

SNOWFALL (IN)
  YESTERDAY        0.0           T    1967   0.0    0.0      0.0
  MONTH TO DATE    0.0                       0.0    0.0      0.0
  SINCE MAR 1     34.3                      20.4   13.9     41.2
  SINCE JUL 1     88.7                      81.2    7.5    100.4
  SNOW DEPTH       0

DEGREE DAYS
 HEATING
  YESTERDAY        0                         7     -7        4
  MONTH TO DATE  123                       252   -129      249
  SINCE MAR 1   1872                      1916    -44     1876
  SINCE JUL 1   6669                      7326   -657     6254

 COOLING
  YESTERDAY        8                         1      7        0
  MONTH TO DATE   24                         8     16       27
  SINCE MAR 1     24                        10     14       42
  SINCE JAN 1     24                        10     14       42
..................................................................


WIND (MPH)
  HIGHEST WIND SPEED    20   HIGHEST WIND DIRECTION     W (270)
  HIGHEST GUST SPEED    27   HIGHEST GUST DIRECTION     W (280)
  AVERAGE WIND SPEED     8.3


SKY COVER
  POSSIBLE SUNSHINE  MM
  AVERAGE SKY COVER 0.7


WEATHER CONDITIONS
 THE FOLLOWING WEATHER WAS RECORDED YESTERDAY.
  LIGHT RAIN
  FOG


RELATIVE HUMIDITY (PERCENT)
 HIGHEST    87          1100 PM
 LOWEST     35          1100 AM
 AVERAGE    61

..........................................................


THE BURLINGTON VT CLIMATE NORMALS FOR TODAY
                         NORMAL    RECORD    YEAR
 MAXIMUM TEMPERATURE (F)   70        92      2010
 MINIMUM TEMPERATURE (F)   49        32      1969


SUNRISE AND SUNSET
MAY 26 2018...........SUNRISE   515 AM EDT   SUNSET   825 PM EDT
MAY 27 2018...........SUNRISE   514 AM EDT   SUNSET   826 PM EDT


-  INDICATES NEGATIVE NUMBERS.
R  INDICATES RECORD WAS SET OR TIED.
MM INDICATES DATA IS MISSING.
T  INDICATES TRACE AMOUNT.




&&

LAKE CHAMPLAIN DATA:
LEVEL...............98.32 FEET
TEMPERATURE.........51 DEGREES

MOUNT MANSFIELD DATA:
HIGH................67 DEGREES
LOW.................54 DEGREES
PRECIPITATION.......0.00 INCHES
SNOW AT STAKE.......1 INCHES

$$
