000
CDUS43 KLMK 260628
CLIBWG


CLIMATE REPORT
NATIONAL WEATHER SERVICE LOUISVILLE KY
227 AM EDT SAT MAY 26 2018


...................................

...THE BOWLING GREEN KY CLIMATE SUMMARY FOR MAY 25 2018...

CLIMATE NORMAL PERIOD 1981 TO 2010
CLIMATE RECORD PERIOD 1870 TO 2018


WEATHER ITEM   OBSERVED TIME   RECORD YEAR NORMAL DEPARTURE LAST
                VALUE   (LST)  VALUE       VALUE  FROM      YEAR
                                                  NORMAL
..................................................................
TEMPERATURE (F)
 YESTERDAY
  MAXIMUM         90    335 PM  99    1926  80     10       73
  MINIMUM         64    453 AM  38    1925  58      6       57
  AVERAGE         77                        69      8       65

PRECIPITATION (IN)
  YESTERDAY        0.00          2.51 1968   0.17  -0.17     0.01
  MONTH TO DATE    3.43                      4.56  -1.13     5.12
  SINCE MAR 1     11.52                     13.31  -1.79    13.49
  SINCE JAN 1     22.39                     20.88   1.51    20.07

SNOWFALL (IN)
  YESTERDAY        0.0           0.0    MM   0.0    0.0      0.0
  MONTH TO DATE    0.0                       0.0    0.0      0.0
  SINCE MAR 1      2.6                       1.3    1.3       T
  SINCE JUL 1     11.0                       9.1    1.9      0.7
  SNOW DEPTH       0

DEGREE DAYS
 HEATING
  YESTERDAY        0                         1     -1        0
  MONTH TO DATE    2                        68    -66       60
  SINCE MAR 1    912                       839     73      608
  SINCE JUL 1   3926                      4037   -111     2989

 COOLING
  YESTERDAY       12                         5      7        0
  MONTH TO DATE  227                        82    145      104
  SINCE MAR 1    238                       118    120      194
  SINCE JAN 1    253                       118    135      198
..................................................................


WIND (MPH)
  HIGHEST WIND SPEED    12   HIGHEST WIND DIRECTION     W (270)
  HIGHEST GUST SPEED    17   HIGHEST GUST DIRECTION     W (280)
  AVERAGE WIND SPEED     3.3


SKY COVER
  POSSIBLE SUNSHINE  MM
  AVERAGE SKY COVER 0.0


WEATHER CONDITIONS
 THE FOLLOWING WEATHER WAS RECORDED YESTERDAY.
  FOG


RELATIVE HUMIDITY (PERCENT)
 HIGHEST   100           400 AM
 LOWEST     39          1200 PM
 AVERAGE    70

..........................................................


THE BOWLING GREEN KY CLIMATE NORMALS FOR TODAY
                         NORMAL    RECORD    YEAR
 MAXIMUM TEMPERATURE (F)   81        97      1914
                                             1911
 MINIMUM TEMPERATURE (F)   58        38      1925


SUNRISE AND SUNSET
MAY 26 2018...........SUNRISE   530 AM CDT   SUNSET   756 PM CDT
MAY 27 2018...........SUNRISE   530 AM CDT   SUNSET   756 PM CDT


-  INDICATES NEGATIVE NUMBERS.
R  INDICATES RECORD WAS SET OR TIED.
MM INDICATES DATA IS MISSING.
T  INDICATES TRACE AMOUNT.




$$
