474
CDUS41 KLWX 230534
CLIBWI


CLIMATE REPORT
NATIONAL WEATHER SERVICE BALTIMORE MD/WASHINGTON DC
134 AM EDT WED MAY 23 2018


...................................

...THE BALTIMORE MD CLIMATE SUMMARY FOR MAY 22 2018...

CLIMATE NORMAL PERIOD 1981 TO 2010
CLIMATE RECORD PERIOD 1871 TO 2018


WEATHER ITEM   OBSERVED TIME   RECORD YEAR NORMAL DEPARTURE LAST
                VALUE   (LST)  VALUE       VALUE  FROM      YEAR
                                                  NORMAL
..................................................................
TEMPERATURE (F)
 YESTERDAY
  MAXIMUM         72    200 PM  98    1941  76     -4       69
  MINIMUM         64    511 AM  35    2002  54     10       56
  AVERAGE         68                        65      3       63

PRECIPITATION (IN)
  YESTERDAY        0.19          1.86 1942   0.14   0.05     0.19
  MONTH TO DATE    5.94                      2.77   3.17     3.48
  SINCE MAR 1     11.39                      9.86   1.53    10.82
  SINCE JAN 1     17.69                     15.81   1.88    14.97

SNOWFALL (IN)
  YESTERDAY        0.0          MM      MM   0.0    0.0
  MONTH TO DATE    0.0                       0.0    0.0
  SINCE JUL 1     15.4                      20.1   -4.7
  SNOW DEPTH       0

DEGREE DAYS
 HEATING
  YESTERDAY        0                         3     -3        2
  MONTH TO DATE   18                       112    -94      120
  SINCE MAR 1   1181                      1132     49      949
  SINCE JUL 1   4493                      4727   -234     3840

 COOLING
  YESTERDAY        3                         3      0        0
  MONTH TO DATE   95                        37     58       45
  SINCE MAR 1    116                        51     65       94
  SINCE JAN 1    117                        51     66       94
..................................................................


WIND (MPH)
  HIGHEST WIND SPEED    10   HIGHEST WIND DIRECTION     E (100)
  HIGHEST GUST SPEED    16   HIGHEST GUST DIRECTION    NE (40)
  AVERAGE WIND SPEED     3.5


SKY COVER
  POSSIBLE SUNSHINE  MM
  AVERAGE SKY COVER 0.9


WEATHER CONDITIONS
 THE FOLLOWING WEATHER WAS RECORDED YESTERDAY.
  THUNDERSTORM
  HEAVY RAIN
  RAIN
  LIGHT RAIN
  FOG
  HAZE


RELATIVE HUMIDITY (PERCENT)
 HIGHEST   100           700 PM
 LOWEST     73          1200 AM
 AVERAGE    87

..........................................................


THE BALTIMORE MD CLIMATE NORMALS FOR TODAY
                         NORMAL    RECORD    YEAR
 MAXIMUM TEMPERATURE (F)   76        98      1925
 MINIMUM TEMPERATURE (F)   54        39      1961


SUNRISE AND SUNSET
MAY 23 2018...........SUNRISE   547 AM EDT   SUNSET   820 PM EDT
MAY 24 2018...........SUNRISE   547 AM EDT   SUNSET   821 PM EDT


-  INDICATES NEGATIVE NUMBERS.
R  INDICATES RECORD WAS SET OR TIED.
MM INDICATES DATA IS MISSING.
T  INDICATES TRACE AMOUNT.




$$
