292
CDAK48 PAFC 210101
CLICDB


CLIMATE REPORT
NATIONAL WEATHER SERVICE ANCHORAGE, AK
500 PM AKDT SUN MAY 20 2018


...................................

...THE COLD BAY CLIMATE SUMMARY FOR MAY 20 2018...
VALID TODAY AS OF 0500 PM LOCAL TIME.

CLIMATE NORMAL PERIOD 1981 TO 2010
CLIMATE RECORD PERIOD 1942 TO 2018


WEATHER ITEM   OBSERVED TIME   RECORD YEAR NORMAL DEPARTURE LAST
                VALUE   (LST)  VALUE       VALUE  FROM      YEAR
                                                  NORMAL
..................................................................
TEMPERATURE (F)
 TODAY
  MAXIMUM         51    206 PM  54    1992  47      4       50
                                      1945
  MINIMUM         39    521 AM  23    1977  36      3       29
  AVERAGE         45                        41      4       40

PRECIPITATION (IN)
  TODAY            0.01          1.05 2002   0.08  -0.07     0.00
  MONTH TO DATE    2.35                      1.58   0.77     1.28
  SINCE MAR 1      8.68                      6.70   1.98     2.33
  SINCE JAN 1     14.53                     12.84   1.69     9.31

SNOWFALL (IN)
  TODAY            0.0           0.7  1973   0.1   -0.1      0.0
  MONTH TO DATE    T                         1.2   -1.2      0.0
  SINCE MAR 1      6.2                      20.8  -14.6      2.9
  SINCE JUL 1     41.4                      73.0  -31.6     39.5
  SNOW DEPTH       0

DEGREE DAYS
 HEATING
  TODAY           20                        24     -4       25
  MONTH TO DATE  496                       514    -18      472
  SINCE MAR 1   2214                      2526   -312     2527
  SINCE JUL 1   7757                      8744   -987     8087

 COOLING
  TODAY            0                         0      0        0
  MONTH TO DATE    0                         0      0        0
  SINCE MAR 1      0                         0      0        0
  SINCE JAN 1      0                         0      0        0
..................................................................


WIND (MPH)
  RESULTANT WIND SPEED  10   RESULTANT WIND DIRECTION   N (350)
  HIGHEST WIND SPEED    25   HIGHEST WIND DIRECTION     N (360)
  HIGHEST GUST SPEED    31   HIGHEST GUST DIRECTION     N (350)
  AVERAGE WIND SPEED    12.1



WEATHER CONDITIONS
 THE FOLLOWING WEATHER WAS RECORDED TODAY.
  LIGHT RAIN


RELATIVE HUMIDITY (PERCENT)
 HIGHEST    89
 LOWEST     66
 AVERAGE    78

..........................................................


THE COLD BAY CLIMATE NORMALS FOR TOMORROW
                         NORMAL    RECORD    YEAR
 MAXIMUM TEMPERATURE (F)   47        62      1992
 MINIMUM TEMPERATURE (F)   36        24      1973


SUNRISE AND SUNSET
MAY 20 2018...........SUNRISE   633 AM AKDT  SUNSET  1103 PM AKDT
MAY 21 2018...........SUNRISE   632 AM AKDT  SUNSET  1104 PM AKDT


-  INDICATES NEGATIVE NUMBERS.
R  INDICATES RECORD WAS SET OR TIED.
MM INDICATES DATA IS MISSING.
T  INDICATES TRACE AMOUNT.




$$
