000
CDUS41 KLWX 220525
CLICHO


CLIMATE REPORT
NATIONAL WEATHER SERVICE BALTIMORE MD/WASHINGTON DC
125 AM EDT TUE MAY 22 2018


...................................

...THE CHARLOTTESVILLE VA CLIMATE SUMMARY FOR MAY 21 2018...

CLIMATE NORMAL PERIOD 1981 TO 2010
CLIMATE RECORD PERIOD 1998 TO 2018


WEATHER ITEM   OBSERVED TIME   RECORD YEAR NORMAL DEPARTURE LAST
                VALUE   (LST)  VALUE       VALUE  FROM      YEAR
                                                  NORMAL
..................................................................
TEMPERATURE (F)
 YESTERDAY
  MAXIMUM         84    418 PM  MM      MM  76      8       68
  MINIMUM         67    553 AM  MM      MM  53     14       60
  AVERAGE         76                        64     12       64

PRECIPITATION (IN)
  YESTERDAY        T                         0.13  -0.13      T
  MONTH TO DATE    4.34                      2.50   1.84     4.95
  SINCE MAR 1      9.94                      9.52   0.42    10.48
  SINCE JAN 1     15.80                     14.99   0.81    13.72

DEGREE DAYS
 HEATING
  YESTERDAY        0                         3     -3        1
  MONTH TO DATE    3                       100    -97       84
  SINCE MAR 1    970                      1000    -30      712
  SINCE JUL 1   3853                      4412   -559     3085

 COOLING
  YESTERDAY       11                         2      9        0
  MONTH TO DATE  141                        33    108       70
  SINCE MAR 1    157                        54    103      167
  SINCE JAN 1    162                        54    108      168
..................................................................


WIND (MPH)
  HIGHEST WIND SPEED    14   HIGHEST WIND DIRECTION    NE (30)
  HIGHEST GUST SPEED    19   HIGHEST GUST DIRECTION    NE (50)
  AVERAGE WIND SPEED     6.1


SKY COVER
  POSSIBLE SUNSHINE  MM
  AVERAGE SKY COVER 0.2


WEATHER CONDITIONS
 THE FOLLOWING WEATHER WAS RECORDED YESTERDAY.
  FOG


RELATIVE HUMIDITY (PERCENT)
 HIGHEST    93          1200 AM
 LOWEST     55           300 PM
 AVERAGE    74

..........................................................


THE CHARLOTTESVILLE VA CLIMATE NORMALS FOR TODAY
                         NORMAL    RECORD    YEAR
 MAXIMUM TEMPERATURE (F)   76        MM        MM
 MINIMUM TEMPERATURE (F)   53        MM        MM


SUNRISE AND SUNSET
MAY 22 2018...........SUNRISE   558 AM EDT   SUNSET   824 PM EDT
MAY 23 2018...........SUNRISE   557 AM EDT   SUNSET   824 PM EDT


-  INDICATES NEGATIVE NUMBERS.
R  INDICATES RECORD WAS SET OR TIED.
MM INDICATES DATA IS MISSING.
T  INDICATES TRACE AMOUNT.




$$
