000
CDUS42 KCHS 190601
CLICHS


CLIMATE REPORT
NATIONAL WEATHER SERVICE CHARLESTON SC
201 AM EDT THU APR 19 2018


...................................

...THE NORTH CHARLESTON SC CLIMATE SUMMARY FOR APRIL 18 2018...

CLIMATE NORMAL PERIOD 1981 TO 2010
CLIMATE RECORD PERIOD 1938 TO 2018


WEATHER ITEM   OBSERVED TIME   RECORD YEAR NORMAL DEPARTURE LAST
                VALUE   (LST)  VALUE       VALUE  FROM      YEAR
                                                  NORMAL
..................................................................
TEMPERATURE (F)
 YESTERDAY
  MAXIMUM         87    305 PM  92    1967  77     10       86
  MINIMUM         60    615 AM  35    2001  54      6       63
  AVERAGE         74                        65      9       75

PRECIPITATION (IN)
  YESTERDAY        0.00          2.37 2014   0.10  -0.10     0.81
  MONTH TO DATE    1.49                      1.76  -0.27     3.90
  SINCE MAR 1      3.72                      5.47  -1.75     4.92
  SINCE JAN 1      7.89                     12.14  -4.25     9.10

SNOWFALL (IN)
  YESTERDAY        0.0                       0.0    0.0
  SINCE MAR 1      0.0                       0.0    0.0
  SINCE JUL 1      5.3                       0.5    4.8

DEGREE DAYS
 HEATING
  YESTERDAY        0                         3     -3        0
  MONTH TO DATE   84                        68     16       23
  SINCE MAR 1    358                       307     51      257
  SINCE JUL 1   1806                      1943   -137     1225

 COOLING
  YESTERDAY        9                         3      6       10
  MONTH TO DATE   40                        40      0       65
  SINCE MAR 1     62                        67     -5      124
  SINCE JAN 1    124                        74     50      159
..................................................................


WIND (MPH)
  HIGHEST WIND SPEED    22   HIGHEST WIND DIRECTION    SW (240)
  HIGHEST GUST SPEED    30   HIGHEST GUST DIRECTION     W (270)
  AVERAGE WIND SPEED    11.7


SKY COVER
  POSSIBLE SUNSHINE  MM
  AVERAGE SKY COVER 0.1


WEATHER CONDITIONS
 THE FOLLOWING WEATHER WAS RECORDED YESTERDAY.
  NO SIGNIFICANT WEATHER WAS OBSERVED.


RELATIVE HUMIDITY (PERCENT)
 HIGHEST    72          1000 PM
 LOWEST     23           100 PM
 AVERAGE    48

..........................................................


THE NORTH CHARLESTON SC CLIMATE NORMALS FOR TODAY
                         NORMAL    RECORD    YEAR
 MAXIMUM TEMPERATURE (F)   77        91      1995
 MINIMUM TEMPERATURE (F)   54        35      1983


SUNRISE AND SUNSET
APRIL 19 2018.........SUNRISE   646 AM EDT   SUNSET   753 PM EDT
APRIL 20 2018.........SUNRISE   645 AM EDT   SUNSET   754 PM EDT


-  INDICATES NEGATIVE NUMBERS.
R  INDICATES RECORD WAS SET OR TIED.
MM INDICATES DATA IS MISSING.
T  INDICATES TRACE AMOUNT.




$$
