000
CDUS41 KGYX 191140
CLICON


CLIMATE REPORT
NATIONAL WEATHER SERVICE GRAY ME
740 AM EDT THU APR 19 2018


...................................

...THE CONCORD NH CLIMATE SUMMARY FOR APRIL 18 2018...

CLIMATE NORMAL PERIOD 1981 TO 2010
CLIMATE RECORD PERIOD 1868 TO 2018


WEATHER ITEM   OBSERVED TIME   RECORD YEAR NORMAL DEPARTURE LAST
                VALUE   (LST)  VALUE       VALUE  FROM      YEAR
                                                  NORMAL
..................................................................
TEMPERATURE (F)
 YESTERDAY
  MAXIMUM         52    224 PM  92    1976  59     -7       58
  MINIMUM         32    528 AM  18    1874  34     -2       36
  AVERAGE         42                        46     -4       47

PRECIPITATION (IN)
  YESTERDAY        0.00          1.27 1997   0.12  -0.12     0.00
  MONTH TO DATE    3.15                      2.07   1.08     2.51
  SINCE MAR 1      5.73                      5.34   0.39     6.49
  SINCE JAN 1     12.49                     10.66   1.83    11.44

SNOWFALL (IN)
  YESTERDAY        0.0           4.0  1887   0.1   -0.1      0.0
  MONTH TO DATE    1.7                       2.4   -0.7      6.9
  SINCE MAR 1     30.4                      13.5   16.9     29.3
  SINCE JUL 1     87.9                      61.0   26.9     86.3
  SNOW DEPTH       0

DEGREE DAYS
 HEATING
  YESTERDAY       23                        19      4       18
  MONTH TO DATE  489                       402     87      320
  SINCE MAR 1   1458                      1389     69     1424
  SINCE JUL 1   6255                      6649   -394     5922

 COOLING
  YESTERDAY        0                         0      0        0
  MONTH TO DATE    0                         0      0        2
  SINCE MAR 1      0                         0      0        2
  SINCE JAN 1      0                         0      0        2
..................................................................


WIND (MPH)
  RESULTANT WIND SPEED   8   RESULTANT WIND DIRECTION   W (260)
  HIGHEST WIND SPEED    18   HIGHEST WIND DIRECTION     W (250)
  HIGHEST GUST SPEED    30   HIGHEST GUST DIRECTION     W (260)
  AVERAGE WIND SPEED     8.1


SKY COVER
  AVERAGE SKY COVER 0.7


WEATHER CONDITIONS
 THE FOLLOWING WEATHER WAS RECORDED YESTERDAY.
  NO SIGNIFICANT WEATHER WAS OBSERVED.


RELATIVE HUMIDITY (PERCENT)
 HIGHEST    70          1100 PM
 LOWEST     42           200 PM
 AVERAGE    56

..........................................................


THE CONCORD NH CLIMATE NORMALS FOR TODAY
                         NORMAL    RECORD    YEAR
 MAXIMUM TEMPERATURE (F)   59        95      1976
 MINIMUM TEMPERATURE (F)   34        16      1875


SUNRISE AND SUNSET
APRIL 19 2018.........SUNRISE   557 AM EDT   SUNSET   733 PM EDT
APRIL 20 2018.........SUNRISE   556 AM EDT   SUNSET   735 PM EDT


-  INDICATES NEGATIVE NUMBERS.
R  INDICATES RECORD WAS SET OR TIED.
MM INDICATES DATA IS MISSING.
T  INDICATES TRACE AMOUNT.




$$
