000
CDUS45 KRIW 260728
CLICPR


CLIMATE REPORT
NATIONAL WEATHER SERVICE RIVERTON WY
128 AM MDT THU APR 26 2018


...................................

...THE CASPER WY CLIMATE SUMMARY FOR APRIL 25 2018...

CLIMATE NORMAL PERIOD 1981 TO 2010
CLIMATE RECORD PERIOD 1939 TO 2018


WEATHER ITEM   OBSERVED TIME   RECORD YEAR NORMAL DEPARTURE LAST
                VALUE   (LST)  VALUE       VALUE  FROM      YEAR
                                                  NORMAL
..................................................................
TEMPERATURE (F)
 YESTERDAY
  MAXIMUM         70    336 PM  79    1987  60     10       39
  MINIMUM         24    224 AM  18    2008  31     -7       26
  AVERAGE         47                        45      2       33

PRECIPITATION (IN)
  YESTERDAY        0.00          0.84 1964   0.04  -0.04     0.28
  MONTH TO DATE    0.63                      1.01  -0.38     1.74
  SINCE MAR 1      1.63                      1.83  -0.20     3.53
  SINCE JAN 1      2.93                      2.91   0.02     4.88

SNOWFALL (IN)
  YESTERDAY        0.0                       0.3   -0.3      1.1
  MONTH TO DATE    5.7                      10.1   -4.4      3.2
  SINCE MAR 1     12.2                      21.0   -8.8     11.0
  SINCE JUL 1     71.7                      70.4    1.3     64.5
  SNOW DEPTH       0

DEGREE DAYS
 HEATING
  YESTERDAY       18                        20     -2       32
  MONTH TO DATE  616                       576     40      515
  SINCE MAR 1   1523                      1501     22     1227
  SINCE JUL 1   6987                      6949     38     6417

 COOLING
  YESTERDAY        0                         0      0        0
  MONTH TO DATE    0                         0      0        0
  SINCE MAR 1      0                         0      0        0
  SINCE JAN 1      0                         0      0        0
..................................................................


WIND (MPH)
  HIGHEST WIND SPEED    29   HIGHEST WIND DIRECTION    SW (210)
  HIGHEST GUST SPEED    34   HIGHEST GUST DIRECTION    SW (230)
  AVERAGE WIND SPEED    18.1


SKY COVER
  POSSIBLE SUNSHINE  MM
  AVERAGE SKY COVER 0.0


WEATHER CONDITIONS
 THE FOLLOWING WEATHER WAS RECORDED YESTERDAY.
  NO SIGNIFICANT WEATHER WAS OBSERVED.


RELATIVE HUMIDITY (PERCENT)
 HIGHEST    88           100 AM
 LOWEST     10           400 PM
 AVERAGE    49

..........................................................


THE CASPER WY CLIMATE NORMALS FOR TODAY
                         NORMAL    RECORD    YEAR
 MAXIMUM TEMPERATURE (F)   60        80      2012
                                             1981
                                             1946
 MINIMUM TEMPERATURE (F)   31        17      2010
                                             1988


SUNRISE AND SUNSET
APRIL 26 2018.........SUNRISE   607 AM MDT   SUNSET   801 PM MDT
APRIL 27 2018.........SUNRISE   605 AM MDT   SUNSET   802 PM MDT


-  INDICATES NEGATIVE NUMBERS.
R  INDICATES RECORD WAS SET OR TIED.
MM INDICATES DATA IS MISSING.
T  INDICATES TRACE AMOUNT.




$$
