000
CDUS46 KLOX 270904
CLICQT


CLIMATE REPORT
NATIONAL WEATHER SERVICE LOS ANGELES/OXNARD CA
204 AM PDT SUN MAY 27 2018


...................................

...THE DOWNTOWN LOS ANGELES (USC) CA CLIMATE SUMMARY FOR MAY 26 2018...

CLIMATE NORMAL PERIOD 1981 TO 2010
CLIMATE RECORD PERIOD 1877 TO 2018


WEATHER ITEM   OBSERVED TIME   RECORD YEAR NORMAL DEPARTURE LAST
                VALUE   (LST)  VALUE       VALUE  FROM      YEAR
                                                  NORMAL
..................................................................
TEMPERATURE (F)
 YESTERDAY
  MAXIMUM         72   1113 AM  96    1896  75     -3       72
  MINIMUM         57    500 AM  46    1917  58     -1       61
  AVERAGE         65                        66     -1       67

PRECIPITATION (IN)
  YESTERDAY        0.00          0.21 1906   0.01  -0.01     0.00
  MONTH TO DATE    0.09                      0.24  -0.15     0.32
  SINCE OCT 1      4.72                     14.53  -9.81    18.99
  SINCE JAN 1      4.60                     10.50  -5.90    13.04

SNOWFALL (IN)
  YESTERDAY        0.0
  MONTH TO DATE    0.0
  SINCE MAR 1      0.0
  SINCE JUL 1      0.0

DEGREE DAYS
 HEATING
  YESTERDAY        0                         1     -1        0
  MONTH TO DATE   31                        39     -8       23
  SINCE MAR 1    232                       297    -65       77
  SINCE JUL 1    643                      1072   -429      729

 COOLING
  YESTERDAY        0                         2     -2        2
  MONTH TO DATE   32                        52    -20       87
  SINCE MAR 1     77                       116    -39      259
  SINCE JAN 1    113                       139    -26      267
..................................................................


WIND (MPH)
  HIGHEST WIND SPEED    10   HIGHEST WIND DIRECTION     W (270)
  HIGHEST GUST SPEED    15   HIGHEST GUST DIRECTION     W (270)
  AVERAGE WIND SPEED     1.8


SKY COVER
  POSSIBLE SUNSHINE  MM
  AVERAGE SKY COVER 0.2


WEATHER CONDITIONS
 THE FOLLOWING WEATHER WAS RECORDED YESTERDAY.
  NO SIGNIFICANT WEATHER WAS OBSERVED.


RELATIVE HUMIDITY (PERCENT)
 HIGHEST    86           300 AM
 LOWEST     51           400 PM
 AVERAGE    69

..........................................................


THE DOWNTOWN LOS ANGELES (USC) CA CLIMATE NORMALS FOR TODAY
                         NORMAL    RECORD    YEAR
 MAXIMUM TEMPERATURE (F)   75        97      1880
 MINIMUM TEMPERATURE (F)   58        47      1879


SUNRISE AND SUNSET
MAY 27 2018...........SUNRISE   545 AM PDT   SUNSET   756 PM PDT
MAY 28 2018...........SUNRISE   544 AM PDT   SUNSET   757 PM PDT


-  INDICATES NEGATIVE NUMBERS.
R  INDICATES RECORD WAS SET OR TIED.
MM INDICATES DATA IS MISSING.
T  INDICATES TRACE AMOUNT.




$$
