000
CDUS41 KRLX 232207
CLICRW


CLIMATE REPORT
NATIONAL WEATHER SERVICE CHARLESTON WV
600 PM EDT WED MAY 23 2018


...................................

...THE CHARLESTON WV CLIMATE SUMMARY FOR MAY 23 2018...
VALID TODAY AS OF 0500 PM LOCAL TIME.

CLIMATE NORMAL PERIOD 1981 TO 2010
CLIMATE RECORD PERIOD 1901 TO 2018


WEATHER ITEM   OBSERVED TIME   RECORD YEAR NORMAL DEPARTURE LAST
                VALUE   (LST)  VALUE       VALUE  FROM      YEAR
                                                  NORMAL
..................................................................
TEMPERATURE (F)
 TODAY
  MAXIMUM         78    231 PM  92    1925  76      2       70
                                      1921
  MINIMUM         64    514 AM  34    1963  55      9       52
  AVERAGE         71                        65      6       61

PRECIPITATION (IN)
  TODAY            0.84          1.52 1913   0.16   0.68     0.26
  MONTH TO DATE    3.70                      3.49   0.21     3.98
  SINCE MAR 1     12.13                     10.64   1.49    10.95
  SINCE JAN 1     23.26                     16.83   6.43    18.25

DEGREE DAYS
 HEATING
  TODAY            0                         3     -3        4
  MONTH TO DATE    9                       100    -91       99
  SINCE MAR 1   1141                       994    147      816
  SINCE JUL 1   4412                      4448    -36     3523

 COOLING
  TODAY            6                         3      3        0
  MONTH TO DATE  151                        46    105       62
  SINCE MAR 1    164                        78     86      115
  SINCE JAN 1    173                        78     95      115
..................................................................


WIND (MPH)
  HIGHEST WIND SPEED    14   HIGHEST WIND DIRECTION     N (340)
  HIGHEST GUST SPEED    20   HIGHEST GUST DIRECTION     N (350)
  AVERAGE WIND SPEED     3.4


SKY COVER
  POSSIBLE SUNSHINE  MM
  AVERAGE SKY COVER 0.8


WEATHER CONDITIONS
 THE FOLLOWING WEATHER WAS RECORDED TODAY.
  THUNDERSTORM
  RAIN
  LIGHT RAIN
  FOG
  FOG W/VISIBILITY <= 1/4 MILE


RELATIVE HUMIDITY (PERCENT)
 HIGHEST   100          1200 AM
 LOWEST     56           400 PM
 AVERAGE    78

..........................................................


THE CHARLESTON WV CLIMATE NORMALS FOR TOMORROW
                         NORMAL    RECORD    YEAR
 MAXIMUM TEMPERATURE (F)   76        92      1939
                                             1922
 MINIMUM TEMPERATURE (F)   55        32      1963


SUNRISE AND SUNSET
MAY 23 2018...........SUNRISE   609 AM EDT   SUNSET   838 PM EDT
MAY 24 2018...........SUNRISE   608 AM EDT   SUNSET   838 PM EDT


-  INDICATES NEGATIVE NUMBERS.
R  INDICATES RECORD WAS SET OR TIED.
MM INDICATES DATA IS MISSING.
T  INDICATES TRACE AMOUNT.




$$
