000
CDUS42 KFFC 230031
CLICSG


CLIMATE REPORT
NATIONAL WEATHER SERVICE PEACHTREE CITY GA
831 PM EDT TUE MAY 22 2018


...................................

...THE COLUMBUS CLIMATE SUMMARY FOR MAY 22 2018...
VALID AS OF 0800 PM LOCAL TIME.

CLIMATE NORMAL PERIOD 1981 TO 2010
CLIMATE RECORD PERIOD 1948 TO 2018


WEATHER ITEM   OBSERVED TIME   RECORD YEAR NORMAL DEPARTURE LAST
                VALUE   (LST)  VALUE       VALUE  FROM      YEAR
                                                  NORMAL
..................................................................
TEMPERATURE (F)
 TODAY
  MAXIMUM         87    336 PM  99    1933  86      1       84
  MINIMUM         71    712 AM  45    1954  64      7       71
  AVERAGE         79                        75      4       78

PRECIPITATION (IN)
  TODAY            0.67          2.25 1967   0.10   0.57     0.03
  MONTH TO DATE    2.35                      2.24   0.11     3.55
  SINCE MAR 1     10.52                     11.25  -0.73     9.49
  SINCE JAN 1     15.68                     19.54  -3.86    23.75

DEGREE DAYS
 COOLING
  TODAY           14                        10      4       13
  MONTH TO DATE  258                       155    103      189
  SINCE MAR 1    320                       255     65      444
  SINCE JAN 1    392                       259    133      461
..................................................................


WIND (MPH)
  HIGHEST WIND SPEED    18   HIGHEST WIND DIRECTION     W (290)
  HIGHEST GUST SPEED    24   HIGHEST GUST DIRECTION     W (280)
  AVERAGE WIND SPEED     6.3


SKY COVER
  AVERAGE SKY COVER 0.9


WEATHER CONDITIONS
 THE FOLLOWING WEATHER WAS RECORDED TODAY.
  THUNDERSTORM
  HEAVY RAIN
  RAIN
  LIGHT RAIN
  FOG


RELATIVE HUMIDITY (PERCENT)
 HIGHEST    93          1200 AM
 LOWEST     55           400 PM

..........................................................


THE COLUMBUS CLIMATE NORMALS FOR TOMORROW
                         NORMAL    RECORD
 MAXIMUM TEMPERATURE (F)   86        99
 MINIMUM TEMPERATURE (F)   64        49


SUNRISE AND SUNSET
MAY 22 2018...........SUNRISE   637 AM EDT   SUNSET   836 PM EDT
MAY 23 2018...........SUNRISE   637 AM EDT   SUNSET   837 PM EDT


-  INDICATES NEGATIVE NUMBERS.
R  INDICATES RECORD WAS SET OR TIED.
MM INDICATES DATA IS MISSING.
T  INDICATES TRACE AMOUNT.




$$
