000
CDUS42 KCAE 212121
CLICUB


CLIMATE REPORT
NATIONAL WEATHER SERVICE COLUMBIA SC
521 PM EDT SAT APR 21 2018


...................................

...THE HAMILTON - OWENS AIRPORT SC CLIMATE SUMMARY FOR APRIL 21 2018...
VALID TODAY AS OF 0500 PM LOCAL TIME.

CLIMATE NORMAL PERIOD 1981 TO 2010
CLIMATE RECORD PERIOD 9999 TO 9999


WEATHER ITEM   OBSERVED TIME   NORMAL DEPARTURE LAST
                VALUE   (LST)  VALUE  FROM      YEAR
                                      NORMAL
......................................................
TEMPERATURE (F)
 TODAY
  MAXIMUM         74    400 PM  78     -4       89
  MINIMUM         42    608 AM  54    -12       65
  AVERAGE         58            66     -8       77

PRECIPITATION (IN)
  TODAY            0.00          0.09  -0.09     0.00
  MONTH TO DATE    0.88          1.98  -1.10     3.68
  SINCE MAR 1      3.67          5.86  -2.19     7.23
  SINCE JAN 1      7.51         13.14  -5.63    14.93

DEGREE DAYS
 HEATING
  TODAY            7             2      5        0
  MONTH TO DATE  112            82     30       30
  SINCE MAR 1    462           356    106      299
  SINCE JUL 1   2142          2285   -143     1563

 COOLING
  TODAY            0             3     -3       12
  MONTH TO DATE   31            50    -19       98
  SINCE MAR 1     42            65    -23      150
  SINCE JAN 1     91            68     23      168
......................................................


WIND (MPH)
  HIGHEST WIND SPEED    12   HIGHEST WIND DIRECTION    SE (120)
  HIGHEST GUST SPEED    19   HIGHEST GUST DIRECTION    SE (120)
  AVERAGE WIND SPEED     3.0


SKY COVER
  AVERAGE SKY COVER 0.0


WEATHER CONDITIONS
 THE FOLLOWING WEATHER WAS RECORDED TODAY.
  NO SIGNIFICANT WEATHER WAS OBSERVED.


RELATIVE HUMIDITY (PERCENT)
 HIGHEST    83           200 AM
 LOWEST     20           300 PM
 AVERAGE    52

..........................................................


THE HAMILTON - OWENS AIRPORT SC CLIMATE NORMALS FOR TOMORROW
                         NORMAL
 MAXIMUM TEMPERATURE (F)   78
 MINIMUM TEMPERATURE (F)   54


SUNRISE AND SUNSET
APRIL 21 2018.........SUNRISE   646 AM EDT   SUNSET   800 PM EDT
APRIL 22 2018.........SUNRISE   645 AM EDT   SUNSET   801 PM EDT


-  INDICATES NEGATIVE NUMBERS.
R  INDICATES RECORD WAS SET OR TIED.
MM INDICATES DATA IS MISSING.
T  INDICATES TRACE AMOUNT.




$$
