000
CDUS43 KILX 262131
CLIDEC


CLIMATE REPORT
NATIONAL WEATHER SERVICE LINCOLN IL
431 PM CDT THU APR 26 2018


...................................

...THE DECATUR IL AIRPORT CLIMATE SUMMARY FOR APRIL 26 2018...
VALID TODAY AS OF 0400 PM LOCAL TIME.

CLIMATE NORMAL PERIOD 1981 TO 2010
CLIMATE RECORD PERIOD 9999 TO 9999


WEATHER ITEM   OBSERVED TIME   RECORD YEAR NORMAL DEPARTURE LAST
                VALUE   (LST)  VALUE       VALUE  FROM      YEAR
                                                  NORMAL
..................................................................
TEMPERATURE (F)
 TODAY
  MAXIMUM         69    248 PM  MM      MM  68      1       76
  MINIMUM         32    456 AM  MM      MM  45    -13       59
  AVERAGE         51                        57     -6       68

PRECIPITATION (IN)
  TODAY            0.00         MM      MM   0.15  -0.15     0.55
  MONTH TO DATE    1.87                      3.00  -1.13     2.55
  SINCE MAR 1      5.24                      5.64  -0.40     5.25
  SINCE JAN 1     10.37                      9.36   1.01     7.35

DEGREE DAYS
 HEATING
  TODAY           14                         9      5        0
  MONTH TO DATE  528                       347    181      207
  SINCE MAR 1   1335                      1074    261      862
  SINCE JUL 1   5487                      5331    156     4221

 COOLING
  TODAY            0                         1     -1        3
  MONTH TO DATE    3                         4     -1       23
  SINCE MAR 1      3                         5     -2       23
  SINCE JAN 1      3                         5     -2       23
..................................................................


WIND (MPH)
  HIGHEST WIND SPEED    14   HIGHEST WIND DIRECTION    NW (320)
  HIGHEST GUST SPEED    27   HIGHEST GUST DIRECTION    NW (330)
  AVERAGE WIND SPEED     6.1


SKY COVER
  POSSIBLE SUNSHINE  MM
  AVERAGE SKY COVER 0.0


WEATHER CONDITIONS
 THE FOLLOWING WEATHER WAS RECORDED TODAY.
  NO SIGNIFICANT WEATHER WAS OBSERVED.


RELATIVE HUMIDITY (PERCENT)
 HIGHEST    92           200 AM
 LOWEST     27           300 PM
 AVERAGE    60

..........................................................


THE DECATUR IL AIRPORT CLIMATE NORMALS FOR TOMORROW
                         NORMAL    RECORD    YEAR
 MAXIMUM TEMPERATURE (F)   68        MM        MM
 MINIMUM TEMPERATURE (F)   46        MM        MM


SUNRISE AND SUNSET
APRIL 26 2018.........SUNRISE   602 AM CDT   SUNSET   745 PM CDT
APRIL 27 2018.........SUNRISE   601 AM CDT   SUNSET   746 PM CDT


-  INDICATES NEGATIVE NUMBERS.
R  INDICATES RECORD WAS SET OR TIED.
MM INDICATES DATA IS MISSING.
T  INDICATES TRACE AMOUNT.




$$
