000
CDUS44 KTAE 200634
CLIDHN


CLIMATE REPORT
NATIONAL WEATHER SERVICE TALLAHASSEE FL
234 AM EDT FRI APR 20 2018


...................................

...THE DOTHAN CLIMATE SUMMARY FOR APRIL 19 2018...

CLIMATE NORMAL PERIOD 1981 TO 2010
CLIMATE RECORD PERIOD 1965 TO 2018


WEATHER ITEM   OBSERVED TIME   NORMAL DEPARTURE LAST
                VALUE   (LST)  VALUE  FROM      YEAR
                                      NORMAL
......................................................
TEMPERATURE (F)
 YESTERDAY
  MAXIMUM         82    308 PM  79      3       88
  MINIMUM         57   1159 PM  54      3       61
  AVERAGE         70            66      4       75

PRECIPITATION (IN)
  YESTERDAY        0.00          0.13  -0.13     0.00
  MONTH TO DATE    2.83          2.51   0.32     1.07
  SINCE MAR 1      6.41          8.39  -1.98     2.60
  SINCE JAN 1     16.84         17.79  -0.95    22.19

SNOWFALL (IN)
  YESTERDAY        0.0

DEGREE DAYS
 HEATING
  YESTERDAY        0             2     -2        0
  MONTH TO DATE   56            58     -2       19
  SINCE MAR 1    273           269      4      190
  SINCE JUL 1   1554          1828   -274     1049

 COOLING
  YESTERDAY        5             3      2       10
  MONTH TO DATE   37            41     -4       95
  SINCE MAR 1     72            62     10      171
  SINCE JAN 1    150            72     78      209
......................................................


WIND (MPH)
  HIGHEST WIND SPEED    22   HIGHEST WIND DIRECTION    NW (300)
  HIGHEST GUST SPEED    25   HIGHEST GUST DIRECTION     W (260)
  AVERAGE WIND SPEED    11.1








-  INDICATES NEGATIVE NUMBERS.
R  INDICATES RECORD WAS SET OR TIED.
MM INDICATES DATA IS MISSING.
T  INDICATES TRACE AMOUNT.




$$
