000
CDUS44 KAMA 202128
CLIDHT


CLIMATE REPORT
NATIONAL WEATHER SERVICE AMARILLO TX
428 PM CDT SUN MAY 20 2018


...................................

...THE DALHART CLIMATE SUMMARY FOR MAY 20 2018...
VALID TODAY AS OF 0400 PM LOCAL TIME.

CLIMATE NORMAL PERIOD 1981 TO 2010
CLIMATE RECORD PERIOD 1948 TO 2018


WEATHER ITEM   OBSERVED TIME   RECORD YEAR NORMAL DEPARTURE LAST
                VALUE   (LST)  VALUE       VALUE  FROM      YEAR
                                                  NORMAL
..................................................................
TEMPERATURE (F)
 TODAY
  MAXIMUM         70    256 PM  97    2006  80    -10       69
  MINIMUM         47    600 AM  34    2017  50     -3       34
  AVERAGE         59                        65     -6       52

PRECIPITATION (IN)
  TODAY            0.00          1.51 1977   0.07  -0.07     0.00
  MONTH TO DATE    T                         1.34  -1.34     0.90
  SINCE MAR 1      0.73                      3.59  -2.86     7.57
  SINCE JAN 1      0.74                      4.51  -3.77     8.65

SNOWFALL (IN)
  TODAY            0.0           0.0    MM   0.0    0.0      0.0
  MONTH TO DATE    0.0                       0.1   -0.1      0.0
  SINCE MAR 1      0.0                       5.5   -5.5     10.0
  SINCE JUL 1      2.3                      19.0  -16.7     11.3
  SNOW DEPTH       0

DEGREE DAYS
 HEATING
  TODAY            6                         3      3       13
  MONTH TO DATE   23                        94    -71       96
  SINCE MAR 1    923                      1053   -130      795
  SINCE JUL 1   4110                      4696   -586     3612

 COOLING
  TODAY            0                         2     -2        0
  MONTH TO DATE  101                        27     74       24
  SINCE MAR 1    106                        33     73       59
  SINCE JAN 1    106                        33     73       59
..................................................................


WIND (MPH)
  RESULTANT WIND SPEED  15   RESULTANT WIND DIRECTION   N (20)
  HIGHEST WIND SPEED    28   HIGHEST WIND DIRECTION     N (360)
  HIGHEST GUST SPEED    35   HIGHEST GUST DIRECTION     N (10)
  AVERAGE WIND SPEED    16.5


SKY COVER
  AVERAGE SKY COVER 0.4


WEATHER CONDITIONS
 THE FOLLOWING WEATHER WAS RECORDED TODAY.
  NO SIGNIFICANT WEATHER WAS OBSERVED.


RELATIVE HUMIDITY (PERCENT)
 HIGHEST    86           400 AM
 LOWEST     42           200 PM
 AVERAGE    64

..........................................................


THE DALHART CLIMATE NORMALS FOR TOMORROW
                         NORMAL    RECORD    YEAR
 MAXIMUM TEMPERATURE (F)   80        97      2005
 MINIMUM TEMPERATURE (F)   50        35      1967


SUNRISE AND SUNSET
MAY 20 2018...........SUNRISE   641 AM CDT   SUNSET   853 PM CDT
MAY 21 2018...........SUNRISE   640 AM CDT   SUNSET   854 PM CDT


-  INDICATES NEGATIVE NUMBERS.
R  INDICATES RECORD WAS SET OR TIED.
MM INDICATES DATA IS MISSING.
T  INDICATES TRACE AMOUNT.




$$
