000
CDUS45 KTFX 220727
CLIDLN


CLIMATE REPORT
NATIONAL WEATHER SERVICE GREAT FALLS MT
126 AM MDT TUE MAY 22 2018


...................................

...THE DILLON AIRPORT MT CLIMATE SUMMARY FOR MAY 21 2018...

CLIMATE NORMAL PERIOD 1981 TO 2010
CLIMATE RECORD PERIOD 1929 TO 2018


WEATHER ITEM   OBSERVED TIME   RECORD YEAR NORMAL DEPARTURE LAST
                VALUE   (LST)  VALUE       VALUE  FROM      YEAR
                                                  NORMAL
..................................................................
TEMPERATURE (F)
 YESTERDAY
  MAXIMUM         69    153 PM  84    1967  65      4       65
  MINIMUM         42    532 AM  25    2001  38      4       35
  AVERAGE         56                        52      4       50

PRECIPITATION (IN)
  YESTERDAY        T             0.71 1961   0.08  -0.08     0.00
  MONTH TO DATE    0.40                      1.17  -0.77     1.49
  SINCE OCT 1      4.97                      4.69   0.28     6.77
  SINCE JAN 1      3.84                      3.29   0.55     4.23

SNOWFALL (IN)
  YESTERDAY       MM
  SNOW DEPTH       0

DEGREE DAYS
 HEATING
  YESTERDAY        9                               -4       15
  MONTH TO DATE  292                              -42      321
  SINCE MAR 1   2142                              156     1737
  SINCE JUL 1   8119                              216     7692

 COOLING
  YESTERDAY        0                                0        0
  MONTH TO DATE    0                                0        0
  SINCE MAR 1      0                                0        0
  SINCE JAN 1      0                                0        0
..................................................................


WIND (MPH)
  HIGHEST WIND SPEED    23   HIGHEST WIND DIRECTION    NE (40)
  HIGHEST GUST SPEED    29   HIGHEST GUST DIRECTION    NE (30)
  AVERAGE WIND SPEED     7.3


SKY COVER
  AVERAGE SKY COVER 0.4


WEATHER CONDITIONS
 THE FOLLOWING WEATHER WAS RECORDED YESTERDAY.
  THUNDERSTORM
  LIGHT RAIN


RELATIVE HUMIDITY (PERCENT)
 HIGHEST    93
 LOWEST     44
 AVERAGE    69

..........................................................


THE DILLON AIRPORT MT CLIMATE NORMALS FOR TODAY
                         NORMAL    RECORD    YEAR
 MAXIMUM TEMPERATURE (F)   65        85      1967
 MINIMUM TEMPERATURE (F)   39        29      2002


SUNRISE AND SUNSET
MAY 22 2018...........SUNRISE   553 AM MDT   SUNSET   901 PM MDT
MAY 23 2018...........SUNRISE   552 AM MDT   SUNSET   902 PM MDT


-  INDICATES NEGATIVE NUMBERS.
R  INDICATES RECORD WAS SET OR TIED.
MM INDICATES DATA IS MISSING.
T  INDICATES TRACE AMOUNT.




$$
