000
CDUS41 KLWX 260534
CLIDMH


CLIMATE REPORT
NATIONAL WEATHER SERVICE BALTIMORE MD/WASHINGTON DC
134 AM EDT THU APR 26 2018


...................................

...THE BALTIMORE INNER HARBOR MD CLIMATE SUMMARY FOR APRIL 25 2018...

CLIMATE NORMAL PERIOD 1981 TO 2010
CLIMATE RECORD PERIOD 1999 TO 2018


WEATHER ITEM   OBSERVED TIME   RECORD YEAR NORMAL DEPARTURE LAST
                VALUE   (LST)  VALUE       VALUE  FROM      YEAR
                                                  NORMAL
..................................................................
TEMPERATURE (F)
 YESTERDAY
  MAXIMUM         68    425 PM  MM      MM  69     -1       61
  MINIMUM         56    126 AM  MM      MM  50      6       54
  AVERAGE         62                        60      2       58

PRECIPITATION (IN)
  YESTERDAY        1.07         MM      MM   0.10   0.97     0.66
  MONTH TO DATE    4.26                      2.71   1.55     3.09
  SINCE MAR 1      6.95                      6.57   0.38     6.76
  SINCE JAN 1     12.69                     12.09   0.60    10.65

DEGREE DAYS
 HEATING
  YESTERDAY        3                         6     -3        7
  MONTH TO DATE  285                       249     36      128
  SINCE MAR 1    954                       828    126      714
  SINCE JUL 1   3746                      3916   -170     3168

 COOLING
  YESTERDAY        0                         1     -1        0
  MONTH TO DATE   24                        18      6       39
  SINCE MAR 1     24                        19      5       43
  SINCE JAN 1     26                        19      7       43
..................................................................


WIND (MPH)
  HIGHEST WIND SPEED    MM   HIGHEST WIND DIRECTION    MM
  HIGHEST GUST SPEED    MM   HIGHEST GUST DIRECTION    MM
  AVERAGE WIND SPEED    MM


SKY COVER
  POSSIBLE SUNSHINE  MM



RELATIVE HUMIDITY (PERCENT)
 HIGHEST   100           700 AM
 LOWEST     73           600 PM
 AVERAGE    87

..........................................................


THE BALTIMORE INNER HARBOR MD CLIMATE NORMALS FOR TODAY
                         NORMAL
 MAXIMUM TEMPERATURE (F)   69
 MINIMUM TEMPERATURE (F)   51


SUNRISE AND SUNSET
APRIL 26 2018.........SUNRISE   614 AM EDT   SUNSET   755 PM EDT
APRIL 27 2018.........SUNRISE   613 AM EDT   SUNSET   756 PM EDT


-  INDICATES NEGATIVE NUMBERS.
R  INDICATES RECORD WAS SET OR TIED.
MM INDICATES DATA IS MISSING.
T  INDICATES TRACE AMOUNT.




$$
